{"id":4150,"date":"2021-08-27T22:57:15","date_gmt":"2021-08-27T22:57:15","guid":{"rendered":"https:\/\/garrcorpcomputer.com\/?post_type=product&#038;p=4150"},"modified":"2021-09-14T17:35:42","modified_gmt":"2021-09-14T22:35:42","slug":"diadema-gamer-lychas-hs-g560","status":"publish","type":"product","link":"https:\/\/garrcorpcomputer.com\/index.php\/producto\/diadema-gamer-lychas-hs-g560\/","title":{"rendered":"Diadema Gamer Lychas HS-G560"},"content":{"rendered":"<p>Audio real durante el juego conductores potentes y sonido vivo.<br \/>\nGracias a la poderosa unidad de sonido de 40 mm, los auriculares le permiten determinar con precisi\u00f3n la posici\u00f3n de sus enemigos.<\/p>\n<ul>\n<li>Audio 3.5mm<\/li>\n<li>Micr\u00f3fono 3.5mm<\/li>\n<li>Control de volumen en cable<\/li>\n<li>Longitud del cable 2mt<\/li>\n<li>Unidad de potencia 40<\/li>\n<li>Auricular y micr\u00f3fono ajustable<\/li>\n<li>Frecuencia 20Hz &#8211; 20K Hz<\/li>\n<li>Peso(g) aprox. 248 g<\/li>\n<li>Sensibilidad 91 dB +- 3 dB 1kH<\/li>\n<\/ul>\n","protected":false},"excerpt":{"rendered":"<p>Audio real durante el juego conductores potentes y sonido vivo. Gracias a la poderosa unidad de sonido de 40 mm, los auriculares le permiten determinar con precisi\u00f3n la posici\u00f3n de sus enemigos. Audio 3.5mm Micr\u00f3fono 3.5mm Control de volumen en cable Longitud del cable 2mt Unidad de potencia 40 Auricular y micr\u00f3fono ajustable Frecuencia 20Hz &hellip;<\/p>\n<p class=\"read-more\"> <a class=\"\" href=\"https:\/\/garrcorpcomputer.com\/index.php\/producto\/diadema-gamer-lychas-hs-g560\/\"> <span class=\"screen-reader-text\">Diadema Gamer Lychas HS-G560<\/span> Leer m\u00e1s &raquo;<\/a><\/p>\n","protected":false},"featured_media":4151,"comment_status":"closed","ping_status":"closed","template":"","meta":{"om_disable_all_campaigns":false,"_mi_skip_tracking":false,"spay_email":"","jetpack_publicize_message":"","jetpack_is_tweetstorm":false},"product_cat":[346,328,75],"product_tag":[],"jetpack_publicize_connections":[],"jetpack-related-posts":[{"id":5877,"url":"https:\/\/garrcorpcomputer.com\/index.php\/producto\/diadema-pc-mic-strong-ref-t-590\/","url_meta":{"origin":4150,"position":0},"title":"Diadema PC MIC strong Ref T-590","date":"13 de septiembre de 2021","format":false,"excerpt":"Micr\u00f3fono Conexi\u00f3n 3.5mm audio y MIC cable Indestructible","rel":"","context":"Con 1 comentario","img":{"alt_text":"","src":"https:\/\/i0.wp.com\/garrcorpcomputer.com\/wp-content\/uploads\/2021\/09\/diadema-4.png?fit=342%2C436&ssl=1&resize=350%2C200","width":350,"height":200},"classes":[]},{"id":4247,"url":"https:\/\/garrcorpcomputer.com\/index.php\/producto\/diadema-gamer-havit-hv-h2032d-ref-0108313\/","url_meta":{"origin":4150,"position":1},"title":"Diadema Gamer Havit HV-H2032D Ref 0108313","date":"28 de agosto de 2021","format":false,"excerpt":"Tipo de conexi\u00f3n: Al\u00e1mbrico Jack 3.5mm X2 1 Jack para audio 1 jack para micr\u00f3fono USB para luces Led Plug and play Dimensiones cable: 2.0m Cable encauchetado","rel":"","context":"Entrada similar","img":{"alt_text":"","src":"https:\/\/i2.wp.com\/garrcorpcomputer.com\/wp-content\/uploads\/2021\/08\/diadema-16.png?fit=367%2C483&ssl=1&resize=350%2C200","width":350,"height":200},"classes":[]},{"id":4115,"url":"https:\/\/garrcorpcomputer.com\/index.php\/producto\/diadema-con-microfono-genius-hs-m505x\/","url_meta":{"origin":4150,"position":2},"title":"Diadema con microfono Genius Hs-m505x","date":"27 de agosto de 2021","format":false,"excerpt":"Nuevo auricular HS-M505X, que proporciona comodidad y conveniencia. Conector de 3.5mm Control de volumen Vincha y micr\u00f3fono ajustable Longitud del cable 2mt Unidades de potencia de 40mm para graves potentes Frecuancia 20Hz-20K Hz Impedancia: 32hm Micr\u00f3fono omnidireccional incluido en el cable \u00a0 \u00a0","rel":"","context":"Entrada similar","img":{"alt_text":"","src":"https:\/\/i0.wp.com\/garrcorpcomputer.com\/wp-content\/uploads\/2021\/08\/diadema1.png?fit=909%2C534&ssl=1&resize=350%2C200","width":350,"height":200},"classes":[]},{"id":5874,"url":"https:\/\/garrcorpcomputer.com\/index.php\/producto\/diadema-single-ear-ref-ps4\/","url_meta":{"origin":4150,"position":3},"title":"Diadema Single ear Ref PS4","date":"13 de septiembre de 2021","format":false,"excerpt":"Ideal para trabajo en casa y PS4 Plug 3.5mm Micr\u00f3fono Control de volumen y mute Cable 1.2mtrs","rel":"","context":"Con 2 comentarios","img":{"alt_text":"","src":"","width":0,"height":0},"classes":[]},{"id":4143,"url":"https:\/\/garrcorpcomputer.com\/index.php\/producto\/diadema-con-microfono-genius-hs-400a\/","url_meta":{"origin":4150,"position":4},"title":"Diadema con micr\u00f3fono Genius HS-400A","date":"27 de agosto de 2021","format":false,"excerpt":"Los HS-400A tienen un dise\u00f1o estilo graffiti y un v\u00edvido contorno verde sumamente atractivo. Los auriculares permiten disfrutar de una excelente experiencia de sonido. Audio 3.5 mm Micr\u00f3fono 3.5 mm Longitud del cable 1.8 Control de volumen en cable Respuesta de frecuencia 20Hz- 20KHz Auricular y micr\u00f3fono ajustable Impeancia 32hm\u2026","rel":"","context":"Entrada similar","img":{"alt_text":"","src":"https:\/\/i2.wp.com\/garrcorpcomputer.com\/wp-content\/uploads\/2021\/08\/diadema2.png?fit=930%2C431&ssl=1&resize=350%2C200","width":350,"height":200},"classes":[]},{"id":4213,"url":"https:\/\/garrcorpcomputer.com\/index.php\/producto\/diadema-gamer-tech-rgb-ref-11010\/","url_meta":{"origin":4150,"position":5},"title":"Diadema Gamer Tech Clan RGB Ref 11010","date":"28 de agosto de 2021","format":false,"excerpt":"Iluminaci\u00f3n LED RGB Diadema para PS4, XBOX ONE y PC SUPER BASS Sonido envolvente Ajustable y ergon\u00f3mica Dise\u00f1o GAMER de lujo Material de alta calidad ABS Conexi\u00f3n 3,5 mm para audio USB para luces LED RGB Micr\u00f3fono ajustable de alta definici\u00f3n Control de volumen y silenciar micr\u00f3fono Di\u00e1metro del auricular:\u2026","rel":"","context":"Entrada similar","img":{"alt_text":"","src":"https:\/\/i1.wp.com\/garrcorpcomputer.com\/wp-content\/uploads\/2021\/08\/diadema-12.png?fit=459%2C373&ssl=1&resize=350%2C200","width":350,"height":200},"classes":[]}],"jetpack_sharing_enabled":true,"_links":{"self":[{"href":"https:\/\/garrcorpcomputer.com\/index.php\/wp-json\/wp\/v2\/product\/4150"}],"collection":[{"href":"https:\/\/garrcorpcomputer.com\/index.php\/wp-json\/wp\/v2\/product"}],"about":[{"href":"https:\/\/garrcorpcomputer.com\/index.php\/wp-json\/wp\/v2\/types\/product"}],"replies":[{"embeddable":true,"href":"https:\/\/garrcorpcomputer.com\/index.php\/wp-json\/wp\/v2\/comments?post=4150"}],"version-history":[{"count":1,"href":"https:\/\/garrcorpcomputer.com\/index.php\/wp-json\/wp\/v2\/product\/4150\/revisions"}],"predecessor-version":[{"id":5914,"href":"https:\/\/garrcorpcomputer.com\/index.php\/wp-json\/wp\/v2\/product\/4150\/revisions\/5914"}],"wp:featuredmedia":[{"embeddable":true,"href":"https:\/\/garrcorpcomputer.com\/index.php\/wp-json\/wp\/v2\/media\/4151"}],"wp:attachment":[{"href":"https:\/\/garrcorpcomputer.com\/index.php\/wp-json\/wp\/v2\/media?parent=4150"}],"wp:term":[{"taxonomy":"product_cat","embeddable":true,"href":"https:\/\/garrcorpcomputer.com\/index.php\/wp-json\/wp\/v2\/product_cat?post=4150"},{"taxonomy":"product_tag","embeddable":true,"href":"https:\/\/garrcorpcomputer.com\/index.php\/wp-json\/wp\/v2\/product_tag?post=4150"}],"curies":[{"name":"wp","href":"https:\/\/api.w.org\/{rel}","templated":true}]}}