{"id":4161,"date":"2021-08-28T00:04:58","date_gmt":"2021-08-28T00:04:58","guid":{"rendered":"https:\/\/garrcorpcomputer.com\/?post_type=product&#038;p=4161"},"modified":"2021-08-28T00:04:58","modified_gmt":"2021-08-28T00:04:58","slug":"puntero-presentador-media-pointer-100","status":"publish","type":"product","link":"https:\/\/garrcorpcomputer.com\/index.php\/producto\/puntero-presentador-media-pointer-100\/","title":{"rendered":"Puntero Presentador Media Pointer 100"},"content":{"rendered":"<ul>\n<li>Es una herramienta \u00fatil cuando tiene que asistir a reuniones .<\/li>\n<li>Ideal cuando tiene que pasar diapositivas posee un rayo l\u00e1ser rojo para apuntar max 10 mts<\/li>\n<li>Frecuencia inalambrico 2.4 GHz<\/li>\n<li>Interfaz: USB 2.0<\/li>\n<li>2 bater\u00edas AAA no incluidas<\/li>\n<li>Cantidad de botones: 5<\/li>\n<\/ul>\n","protected":false},"excerpt":{"rendered":"<p>Es una herramienta \u00fatil cuando tiene que asistir a reuniones . Ideal cuando tiene que pasar diapositivas posee un rayo l\u00e1ser rojo para apuntar max 10 mts Frecuencia inalambrico 2.4 GHz Interfaz: USB 2.0 2 bater\u00edas AAA no incluidas Cantidad de botones: 5<\/p>\n","protected":false},"featured_media":4162,"comment_status":"closed","ping_status":"closed","template":"","meta":{"om_disable_all_campaigns":false,"_mi_skip_tracking":false,"spay_email":"","jetpack_publicize_message":"","jetpack_is_tweetstorm":false},"product_cat":[21,75],"product_tag":[],"jetpack_publicize_connections":[],"jetpack-related-posts":[],"jetpack_sharing_enabled":true,"_links":{"self":[{"href":"https:\/\/garrcorpcomputer.com\/index.php\/wp-json\/wp\/v2\/product\/4161"}],"collection":[{"href":"https:\/\/garrcorpcomputer.com\/index.php\/wp-json\/wp\/v2\/product"}],"about":[{"href":"https:\/\/garrcorpcomputer.com\/index.php\/wp-json\/wp\/v2\/types\/product"}],"replies":[{"embeddable":true,"href":"https:\/\/garrcorpcomputer.com\/index.php\/wp-json\/wp\/v2\/comments?post=4161"}],"version-history":[{"count":0,"href":"https:\/\/garrcorpcomputer.com\/index.php\/wp-json\/wp\/v2\/product\/4161\/revisions"}],"wp:featuredmedia":[{"embeddable":true,"href":"https:\/\/garrcorpcomputer.com\/index.php\/wp-json\/wp\/v2\/media\/4162"}],"wp:attachment":[{"href":"https:\/\/garrcorpcomputer.com\/index.php\/wp-json\/wp\/v2\/media?parent=4161"}],"wp:term":[{"taxonomy":"product_cat","embeddable":true,"href":"https:\/\/garrcorpcomputer.com\/index.php\/wp-json\/wp\/v2\/product_cat?post=4161"},{"taxonomy":"product_tag","embeddable":true,"href":"https:\/\/garrcorpcomputer.com\/index.php\/wp-json\/wp\/v2\/product_tag?post=4161"}],"curies":[{"name":"wp","href":"https:\/\/api.w.org\/{rel}","templated":true}]}}