{"id":4197,"date":"2021-08-28T02:14:20","date_gmt":"2021-08-28T02:14:20","guid":{"rendered":"https:\/\/garrcorpcomputer.com\/?post_type=product&#038;p=4197"},"modified":"2021-09-14T17:42:30","modified_gmt":"2021-09-14T22:42:30","slug":"diadema-gamer-metalica-rgb-havit-hv-h2018u","status":"publish","type":"product","link":"https:\/\/garrcorpcomputer.com\/index.php\/producto\/diadema-gamer-metalica-rgb-havit-hv-h2018u\/","title":{"rendered":"Diadema Gamer Metalica RGB HAVIT HV-H2018U"},"content":{"rendered":"<ul>\n<li>Cable acordonado de 2.2mt<\/li>\n<li>Enchufe USB 7.1<\/li>\n<li>Micr\u00f3fono<\/li>\n<li>Control de volumen en cable<\/li>\n<\/ul>\n","protected":false},"excerpt":{"rendered":"<p>Cable acordonado de 2.2mt Enchufe USB 7.1 Micr\u00f3fono Control de volumen en cable<\/p>\n","protected":false},"featured_media":4200,"comment_status":"closed","ping_status":"closed","template":"","meta":{"om_disable_all_campaigns":false,"_mi_skip_tracking":false,"spay_email":"","jetpack_publicize_message":"","jetpack_is_tweetstorm":false},"product_cat":[346,328,75],"product_tag":[],"jetpack_publicize_connections":[],"jetpack-related-posts":[{"id":4215,"url":"https:\/\/garrcorpcomputer.com\/index.php\/producto\/diadema-gamer-havit-hv-h2232d-ref-0108230\/","url_meta":{"origin":4197,"position":0},"title":"Diadema Gamer Havit HV-H2232D Ref 0108230","date":"28 de agosto de 2021","format":false,"excerpt":"2 Jack 35mm + USB Iluminacion RGB Aislamiento de sonido Micr\u00f3fono escualizable Control de volumen en auricular","rel":"","context":"Entrada similar","img":{"alt_text":"","src":"https:\/\/i2.wp.com\/garrcorpcomputer.com\/wp-content\/uploads\/2021\/08\/diadema-13.png?fit=312%2C431&ssl=1&resize=350%2C200","width":350,"height":200},"classes":[]},{"id":4247,"url":"https:\/\/garrcorpcomputer.com\/index.php\/producto\/diadema-gamer-havit-hv-h2032d-ref-0108313\/","url_meta":{"origin":4197,"position":1},"title":"Diadema Gamer Havit HV-H2032D Ref 0108313","date":"28 de agosto de 2021","format":false,"excerpt":"Tipo de conexi\u00f3n: Al\u00e1mbrico Jack 3.5mm X2 1 Jack para audio 1 jack para micr\u00f3fono USB para luces Led Plug and play Dimensiones cable: 2.0m Cable encauchetado","rel":"","context":"Entrada similar","img":{"alt_text":"","src":"https:\/\/i2.wp.com\/garrcorpcomputer.com\/wp-content\/uploads\/2021\/08\/diadema-16.png?fit=367%2C483&ssl=1&resize=350%2C200","width":350,"height":200},"classes":[]},{"id":4203,"url":"https:\/\/garrcorpcomputer.com\/index.php\/producto\/diadema-gamer-v10-aaa\/","url_meta":{"origin":4197,"position":2},"title":"Diadema Gamer V10 AAA","date":"28 de agosto de 2021","format":false,"excerpt":"Sonido USB 7.1 est\u00e9reo Iluminaci\u00f3n RGB Aislamiento de sonido Micr\u00f3fono escualizable Control de volumen integrado en cable Cable encauchetado de alto calibre y longitud","rel":"","context":"Entrada similar","img":{"alt_text":"","src":"https:\/\/i1.wp.com\/garrcorpcomputer.com\/wp-content\/uploads\/2021\/08\/diadema-8.png?fit=493%2C493&ssl=1&resize=350%2C200","width":350,"height":200},"classes":[]},{"id":4201,"url":"https:\/\/garrcorpcomputer.com\/index.php\/producto\/diadema-gamer-m06-aaa\/","url_meta":{"origin":4197,"position":3},"title":"Diadema Gamer M06 AAA","date":"28 de agosto de 2021","format":false,"excerpt":"Sonido USB 7.1 est\u00e9reo Iluminaci\u00f3n RGB Aislamiento de sonido Micr\u00f3fono escualizable Control de volumen en casco Cable encauchetado de alto calibre y longitud","rel":"","context":"Entrada similar","img":{"alt_text":"","src":"https:\/\/i2.wp.com\/garrcorpcomputer.com\/wp-content\/uploads\/2021\/08\/diadema-7.png?fit=384%2C481&ssl=1&resize=350%2C200","width":350,"height":200},"classes":[]},{"id":4206,"url":"https:\/\/garrcorpcomputer.com\/index.php\/producto\/diadema-gamer-920-aaa\/","url_meta":{"origin":4197,"position":4},"title":"Diadema Gamer 920 AAA","date":"28 de agosto de 2021","format":false,"excerpt":"Sonido USB 7.1 est\u00e9reo Iluminaci\u00f3n RGB Aislamiento de sonido Microfono escualizable Control de volumen en casco Cable encauchetado de alto calibre y longitud","rel":"","context":"Entrada similar","img":{"alt_text":"","src":"https:\/\/i1.wp.com\/garrcorpcomputer.com\/wp-content\/uploads\/2021\/08\/diadema-9.png?fit=413%2C466&ssl=1&resize=350%2C200","width":350,"height":200},"classes":[]},{"id":4208,"url":"https:\/\/garrcorpcomputer.com\/index.php\/producto\/diadema-gamer-v3s-aaa\/","url_meta":{"origin":4197,"position":5},"title":"Diadema Gamer V3S AAA","date":"28 de agosto de 2021","format":false,"excerpt":"Sonido USB 7.1 est\u00e9reo Iluminaci\u00f3n RGB Aislamiento de sonido Micr\u00f3fono escualizable Control de volumen en casco Cable encauchetado de alto calibre y longitud","rel":"","context":"Entrada similar","img":{"alt_text":"","src":"https:\/\/i2.wp.com\/garrcorpcomputer.com\/wp-content\/uploads\/2021\/08\/diadema10.png?fit=403%2C472&ssl=1&resize=350%2C200","width":350,"height":200},"classes":[]}],"jetpack_sharing_enabled":true,"_links":{"self":[{"href":"https:\/\/garrcorpcomputer.com\/index.php\/wp-json\/wp\/v2\/product\/4197"}],"collection":[{"href":"https:\/\/garrcorpcomputer.com\/index.php\/wp-json\/wp\/v2\/product"}],"about":[{"href":"https:\/\/garrcorpcomputer.com\/index.php\/wp-json\/wp\/v2\/types\/product"}],"replies":[{"embeddable":true,"href":"https:\/\/garrcorpcomputer.com\/index.php\/wp-json\/wp\/v2\/comments?post=4197"}],"version-history":[{"count":1,"href":"https:\/\/garrcorpcomputer.com\/index.php\/wp-json\/wp\/v2\/product\/4197\/revisions"}],"predecessor-version":[{"id":5920,"href":"https:\/\/garrcorpcomputer.com\/index.php\/wp-json\/wp\/v2\/product\/4197\/revisions\/5920"}],"wp:featuredmedia":[{"embeddable":true,"href":"https:\/\/garrcorpcomputer.com\/index.php\/wp-json\/wp\/v2\/media\/4200"}],"wp:attachment":[{"href":"https:\/\/garrcorpcomputer.com\/index.php\/wp-json\/wp\/v2\/media?parent=4197"}],"wp:term":[{"taxonomy":"product_cat","embeddable":true,"href":"https:\/\/garrcorpcomputer.com\/index.php\/wp-json\/wp\/v2\/product_cat?post=4197"},{"taxonomy":"product_tag","embeddable":true,"href":"https:\/\/garrcorpcomputer.com\/index.php\/wp-json\/wp\/v2\/product_tag?post=4197"}],"curies":[{"name":"wp","href":"https:\/\/api.w.org\/{rel}","templated":true}]}}