{"id":4238,"date":"2021-08-28T03:46:27","date_gmt":"2021-08-28T03:46:27","guid":{"rendered":"https:\/\/garrcorpcomputer.com\/?post_type=product&#038;p=4238"},"modified":"2021-09-14T18:13:10","modified_gmt":"2021-09-14T23:13:10","slug":"diadema-gamer-misde-h7-ref-1126g-4","status":"publish","type":"product","link":"https:\/\/garrcorpcomputer.com\/index.php\/producto\/diadema-gamer-misde-h7-ref-1126g-4\/","title":{"rendered":"Diadema Gamer misde H7 Ref 1126G-4"},"content":{"rendered":"<ul>\n<li>Interfaz de 3.5 mm de 2 plug para audio y micr\u00f3fono<\/li>\n<li>Interfaz USB para energ\u00eda<\/li>\n<li>Iluminaci\u00f3n LED multicolor<\/li>\n<li>Micr\u00f3fono y control de volumen en auricular<\/li>\n<li>Banda ajustable<\/li>\n<li>Cable de 2 metros<\/li>\n<li>Conexion USB Plug and Play<\/li>\n<\/ul>\n","protected":false},"excerpt":{"rendered":"<p>Interfaz de 3.5 mm de 2 plug para audio y micr\u00f3fono Interfaz USB para energ\u00eda Iluminaci\u00f3n LED multicolor Micr\u00f3fono y control de volumen en auricular Banda ajustable Cable de 2 metros Conexion USB Plug and Play<\/p>\n","protected":false},"featured_media":4239,"comment_status":"closed","ping_status":"closed","template":"","meta":{"om_disable_all_campaigns":false,"_mi_skip_tracking":false,"spay_email":"","jetpack_publicize_message":"","jetpack_is_tweetstorm":false},"product_cat":[346,328,75],"product_tag":[],"jetpack_publicize_connections":[],"jetpack-related-posts":[{"id":4417,"url":"https:\/\/garrcorpcomputer.com\/index.php\/producto\/diadema-gamer-led-consmo-gh-217\/","url_meta":{"origin":4238,"position":0},"title":"DIADEMA GAMER LED CONSMO GH-217","date":"30 de agosto de 2021","format":false,"excerpt":"Interfaz de 3.5 mm de 2 plug para audio y micr\u00f3fono Interfaz USB para energ\u00eda Iluminaci\u00f3n LED multicolor Micr\u00f3fono y control de volumen en auricular Banda ajustable Cable encauchetado de 2 mt conexi\u00f3n USB plug and play","rel":"","context":"Entrada similar","img":{"alt_text":"","src":"https:\/\/i1.wp.com\/garrcorpcomputer.com\/wp-content\/uploads\/2021\/08\/diadema-27.png?fit=322%2C471&ssl=1&resize=350%2C200","width":350,"height":200},"classes":[]},{"id":4414,"url":"https:\/\/garrcorpcomputer.com\/index.php\/producto\/diadema-usb-consmo-gh-15s\/","url_meta":{"origin":4238,"position":1},"title":"DIADEMA USB CONSMO GH-15S","date":"30 de agosto de 2021","format":false,"excerpt":"Interfaz 100% USB plug and play Cable de 2 mt Control y suspensi\u00f3n de audio y volumen Micr\u00f3fono escualizable de alta fidelidad Bocina y bandas ajustables","rel":"","context":"Entrada similar","img":{"alt_text":"","src":"https:\/\/i2.wp.com\/garrcorpcomputer.com\/wp-content\/uploads\/2021\/08\/diadema-26.png?fit=367%2C508&ssl=1&resize=350%2C200","width":350,"height":200},"classes":[]},{"id":4210,"url":"https:\/\/garrcorpcomputer.com\/index.php\/producto\/diadema-gamer-tech-gt15d-ref-10915\/","url_meta":{"origin":4238,"position":2},"title":"Diadema Gamer Tech GT15D Ref 10915","date":"28 de agosto de 2021","format":false,"excerpt":"Interfaz al\u00e1mbrico Jack 3.5 X1 audio y micr\u00f3fono USB para luz Led azul Plug and play Sonido stereo Diadema ajustable","rel":"","context":"Entrada similar","img":{"alt_text":"","src":"https:\/\/i2.wp.com\/garrcorpcomputer.com\/wp-content\/uploads\/2021\/08\/diadema-11.png?fit=542%2C570&ssl=1&resize=350%2C200","width":350,"height":200},"classes":[]},{"id":4408,"url":"https:\/\/garrcorpcomputer.com\/index.php\/producto\/diadema-tipo-gamer-de-plug-consmo-jd-032\/","url_meta":{"origin":4238,"position":3},"title":"DIADEMA TIPO GAMER DE PLUG CONSMO JD-032","date":"30 de agosto de 2021","format":false,"excerpt":"Dise\u00f1o tipo gamer Interfaz de 3.5 mm de 2 plug Sonido de alta fidelidad Control de volumen en el cable Micr\u00f3fono y banda escualizable Bocinas y bandas acolchadas Cable acordonado de 1.8 mt con control de volumen","rel":"","context":"Entrada similar","img":{"alt_text":"","src":"https:\/\/i1.wp.com\/garrcorpcomputer.com\/wp-content\/uploads\/2021\/08\/diadema-24.png?fit=420%2C442&ssl=1&resize=350%2C200","width":350,"height":200},"classes":[]},{"id":4362,"url":"https:\/\/garrcorpcomputer.com\/index.php\/producto\/combo-gamer-3-en-1-cp-02\/","url_meta":{"origin":4238,"position":4},"title":"COMBO GAMER 3 EN 1 CP-02","date":"30 de agosto de 2021","format":false,"excerpt":"Diadema 2 plug de 3.5 mm Iluminaci\u00f3n LED multicolor Micr\u00f3fono interno en auricular Cable 2 mt Conexi\u00f3n USB plug and play","rel":"","context":"Entrada similar","img":{"alt_text":"","src":"https:\/\/i2.wp.com\/garrcorpcomputer.com\/wp-content\/uploads\/2021\/08\/COMBO-GAMER-11.png?fit=514%2C473&ssl=1&resize=350%2C200","width":350,"height":200},"classes":[]},{"id":4434,"url":"https:\/\/garrcorpcomputer.com\/index.php\/producto\/parlantes-usb-de-w-consmo-a8\/","url_meta":{"origin":4238,"position":5},"title":"PARLANTES USB DE W CONSMO A8","date":"30 de agosto de 2021","format":false,"excerpt":"potencia 5w x 2 RMS Dimensiones 11 de alto x 10.5 cent\u00edmetros de ancho Control de volumen en cable Interfaz USB para corriente Plug de 3.5 mm para sonido","rel":"","context":"Entrada similar","img":{"alt_text":"","src":"https:\/\/i2.wp.com\/garrcorpcomputer.com\/wp-content\/uploads\/2021\/08\/parlantes-1.png?fit=502%2C223&ssl=1&resize=350%2C200","width":350,"height":200},"classes":[]}],"jetpack_sharing_enabled":true,"_links":{"self":[{"href":"https:\/\/garrcorpcomputer.com\/index.php\/wp-json\/wp\/v2\/product\/4238"}],"collection":[{"href":"https:\/\/garrcorpcomputer.com\/index.php\/wp-json\/wp\/v2\/product"}],"about":[{"href":"https:\/\/garrcorpcomputer.com\/index.php\/wp-json\/wp\/v2\/types\/product"}],"replies":[{"embeddable":true,"href":"https:\/\/garrcorpcomputer.com\/index.php\/wp-json\/wp\/v2\/comments?post=4238"}],"version-history":[{"count":1,"href":"https:\/\/garrcorpcomputer.com\/index.php\/wp-json\/wp\/v2\/product\/4238\/revisions"}],"predecessor-version":[{"id":5932,"href":"https:\/\/garrcorpcomputer.com\/index.php\/wp-json\/wp\/v2\/product\/4238\/revisions\/5932"}],"wp:featuredmedia":[{"embeddable":true,"href":"https:\/\/garrcorpcomputer.com\/index.php\/wp-json\/wp\/v2\/media\/4239"}],"wp:attachment":[{"href":"https:\/\/garrcorpcomputer.com\/index.php\/wp-json\/wp\/v2\/media?parent=4238"}],"wp:term":[{"taxonomy":"product_cat","embeddable":true,"href":"https:\/\/garrcorpcomputer.com\/index.php\/wp-json\/wp\/v2\/product_cat?post=4238"},{"taxonomy":"product_tag","embeddable":true,"href":"https:\/\/garrcorpcomputer.com\/index.php\/wp-json\/wp\/v2\/product_tag?post=4238"}],"curies":[{"name":"wp","href":"https:\/\/api.w.org\/{rel}","templated":true}]}}