{"id":4283,"date":"2021-08-29T02:20:29","date_gmt":"2021-08-29T02:20:29","guid":{"rendered":"https:\/\/garrcorpcomputer.com\/?post_type=product&#038;p=4283"},"modified":"2021-08-29T02:20:29","modified_gmt":"2021-08-29T02:20:29","slug":"combo-gamer-metalico-alambrico-multimedia-ctmgjr-011","status":"publish","type":"product","link":"https:\/\/garrcorpcomputer.com\/index.php\/producto\/combo-gamer-metalico-alambrico-multimedia-ctmgjr-011\/","title":{"rendered":"Combo Gamer Met\u00e1lico Alambrico Multimedia CTMGJR-011"},"content":{"rendered":"<ul>\n<li>Teclado met\u00e1lico<\/li>\n<li>Teclas flotantes retroiluminadas<\/li>\n<li>104 teclas 12 de ellas multimedia<\/li>\n<li>3 colores Led<\/li>\n<li>Teclado latinoamericano<\/li>\n<li>Impresi\u00f3n l\u00e1ser<\/li>\n<li>sensible al tacto<\/li>\n<li>Mouse hasta 3200 DPI<\/li>\n<li>6 botones<\/li>\n<\/ul>\n","protected":false},"excerpt":{"rendered":"<p>Teclado met\u00e1lico Teclas flotantes retroiluminadas 104 teclas 12 de ellas multimedia 3 colores Led Teclado latinoamericano Impresi\u00f3n l\u00e1ser sensible al tacto Mouse hasta 3200 DPI 6 botones<\/p>\n","protected":false},"featured_media":4284,"comment_status":"closed","ping_status":"closed","template":"","meta":{"om_disable_all_campaigns":false,"_mi_skip_tracking":false,"spay_email":"","jetpack_publicize_message":"","jetpack_is_tweetstorm":false},"product_cat":[34,75],"product_tag":[],"jetpack_publicize_connections":[],"jetpack-related-posts":[{"id":4169,"url":"https:\/\/garrcorpcomputer.com\/index.php\/producto\/teclado-usb-gamer-tech-gt400t-10901\/","url_meta":{"origin":4283,"position":0},"title":"Teclado USB Gamer Tech GT400T 10901","date":"28 de agosto de 2021","format":false,"excerpt":"Teclado met\u00e1lico Retroiluminado con luz led RGB Cable USB de alta calidad con filtro 105 teclas 12 de ellas multimedia Teclas tipo tapa Antiderrame Opci\u00f3n de cambio de luces ON\/OFF","rel":"","context":"Entrada similar","img":{"alt_text":"","src":"https:\/\/i1.wp.com\/garrcorpcomputer.com\/wp-content\/uploads\/2021\/08\/teclado-4-1.png?fit=604%2C276&ssl=1&resize=350%2C200","width":350,"height":200},"classes":[]},{"id":4177,"url":"https:\/\/garrcorpcomputer.com\/index.php\/producto\/teclado-kb-804-usb-omega-gaming-ref-268g43sr\/","url_meta":{"origin":4283,"position":1},"title":"Teclado KB-804 USB omega Gaming Ref 268G43SR","date":"28 de agosto de 2021","format":false,"excerpt":"Iluminado de sensaci\u00f3n mec\u00e1nica Recubrimiento met\u00e1lico 12 teclas funci\u00f3n multimedia 19 teclas anti-conflicto Antiderrame 3 diferentes luces de fondo","rel":"","context":"Entrada similar","img":{"alt_text":"","src":"https:\/\/i2.wp.com\/garrcorpcomputer.com\/wp-content\/uploads\/2021\/08\/teclado-7.png?fit=753%2C363&ssl=1&resize=350%2C200","width":350,"height":200},"classes":[]},{"id":4346,"url":"https:\/\/garrcorpcomputer.com\/index.php\/producto\/teclado-multimedia-usb-k52\/","url_meta":{"origin":4283,"position":2},"title":"TECLADO MULTIMEDIA USB K52","date":"30 de agosto de 2021","format":false,"excerpt":"TECLADO EN ESPA\u00d1OL 108 TECLAS ALFA NUM\u00c9RICAS 8 TECLAS FUNCI\u00d3N MULTIMEDIA CONEXI\u00d3N USB PLUG AND PLAY","rel":"","context":"Entrada similar","img":{"alt_text":"","src":"https:\/\/i1.wp.com\/garrcorpcomputer.com\/wp-content\/uploads\/2021\/08\/TECLADO-3-2.png?fit=693%2C296&ssl=1&resize=350%2C200","width":350,"height":200},"classes":[]},{"id":5953,"url":"https:\/\/garrcorpcomputer.com\/index.php\/producto\/teclado-multimedia-jal-118\/","url_meta":{"origin":4283,"position":3},"title":"Teclado multimedia JAL 118","date":"15 de septiembre de 2021","format":false,"excerpt":"8 teclas multimedia Dise\u00f1o delgado y ergon\u00f3mico 112 teclas Resiste salpicadura Conexi\u00f3n USB Teclado num\u00e9rico Teclas anti-ruido Longitud del cable 1,5 m","rel":"","context":"Con 1 comentario","img":{"alt_text":"","src":"","width":0,"height":0},"classes":[]},{"id":4167,"url":"https:\/\/garrcorpcomputer.com\/index.php\/producto\/teclado-gamer-multimedia-glass-edition-rf-ctmgjr-010\/","url_meta":{"origin":4283,"position":4},"title":"Teclado Gamer Multimedia Glass edition RF-CTMGJR-010","date":"28 de agosto de 2021","format":false,"excerpt":"Teclado USB Teclas redondas tipo vidrio 104 teclas 11 teclas multimedia Tres modos de iluminaci\u00f3n Brillo ajustable Placa liviana","rel":"","context":"Entrada similar","img":{"alt_text":"","src":"https:\/\/i0.wp.com\/garrcorpcomputer.com\/wp-content\/uploads\/2021\/08\/teclado-3-1.png?fit=762%2C435&ssl=1&resize=350%2C200","width":350,"height":200},"classes":[]},{"id":4343,"url":"https:\/\/garrcorpcomputer.com\/index.php\/producto\/teclado-multimedia-usb-consmo-k518\/","url_meta":{"origin":4283,"position":5},"title":"TECLADO MULTIMEDIA USB CONSMO K518","date":"30 de agosto de 2021","format":false,"excerpt":"108 TECLAS ALFA NUM\u00c9RICAS 10 TECLAS DE FUNCI\u00d3N MULTIMEDIA CON IMPRESI\u00d3N L\u00c1SER TECLADO EN ESPA\u00d1OL DISE\u00d1O TIPO GAMER CONEXI\u00d3N USB PLUG AND PLAY","rel":"","context":"Entrada similar","img":{"alt_text":"","src":"https:\/\/i1.wp.com\/garrcorpcomputer.com\/wp-content\/uploads\/2021\/08\/TECLADO-2-2.png?fit=680%2C290&ssl=1&resize=350%2C200","width":350,"height":200},"classes":[]}],"jetpack_sharing_enabled":true,"_links":{"self":[{"href":"https:\/\/garrcorpcomputer.com\/index.php\/wp-json\/wp\/v2\/product\/4283"}],"collection":[{"href":"https:\/\/garrcorpcomputer.com\/index.php\/wp-json\/wp\/v2\/product"}],"about":[{"href":"https:\/\/garrcorpcomputer.com\/index.php\/wp-json\/wp\/v2\/types\/product"}],"replies":[{"embeddable":true,"href":"https:\/\/garrcorpcomputer.com\/index.php\/wp-json\/wp\/v2\/comments?post=4283"}],"version-history":[{"count":0,"href":"https:\/\/garrcorpcomputer.com\/index.php\/wp-json\/wp\/v2\/product\/4283\/revisions"}],"wp:featuredmedia":[{"embeddable":true,"href":"https:\/\/garrcorpcomputer.com\/index.php\/wp-json\/wp\/v2\/media\/4284"}],"wp:attachment":[{"href":"https:\/\/garrcorpcomputer.com\/index.php\/wp-json\/wp\/v2\/media?parent=4283"}],"wp:term":[{"taxonomy":"product_cat","embeddable":true,"href":"https:\/\/garrcorpcomputer.com\/index.php\/wp-json\/wp\/v2\/product_cat?post=4283"},{"taxonomy":"product_tag","embeddable":true,"href":"https:\/\/garrcorpcomputer.com\/index.php\/wp-json\/wp\/v2\/product_tag?post=4283"}],"curies":[{"name":"wp","href":"https:\/\/api.w.org\/{rel}","templated":true}]}}