{"id":4891,"date":"2021-09-02T21:40:29","date_gmt":"2021-09-03T02:40:29","guid":{"rendered":"https:\/\/garrcorpcomputer.com\/?post_type=product&#038;p=4891"},"modified":"2021-09-20T18:06:01","modified_gmt":"2021-09-20T23:06:01","slug":"ubiquiti-poe-inyector-24-12w","status":"publish","type":"product","link":"https:\/\/garrcorpcomputer.com\/index.php\/producto\/ubiquiti-poe-inyector-24-12w\/","title":{"rendered":"Ubiquiti Poe Inyector 24-12w"},"content":{"rendered":"","protected":false},"excerpt":{"rendered":"","protected":false},"featured_media":4892,"comment_status":"closed","ping_status":"closed","template":"","meta":{"om_disable_all_campaigns":false,"_mi_skip_tracking":false,"spay_email":"","jetpack_publicize_message":"","jetpack_is_tweetstorm":false},"product_cat":[320],"product_tag":[],"jetpack_publicize_connections":[],"jetpack-related-posts":[{"id":4885,"url":"https:\/\/garrcorpcomputer.com\/index.php\/producto\/dahua-ipc-hfw1230s1\/","url_meta":{"origin":4891,"position":0},"title":"Camara IP Bullet 2 MP\/ H.265+\/ 20 Fps\/ Lente de 2.8mm\/ Angulo de 104\/ IR DE 30 Mts\/ IP67\/ PoE\/ DWDR\/ HLC\/","date":"2 de septiembre de 2021","format":false,"excerpt":"DAHUA IPC-HFW1230S1","rel":"","context":"Entrada similar","img":{"alt_text":"","src":"https:\/\/i1.wp.com\/garrcorpcomputer.com\/wp-content\/uploads\/2021\/09\/camara-ip-bullet-2mp-h.265-angulo104-poe-dwdr-hlc-DahuaHFW1230S1-S4.jpg?fit=768%2C1024&ssl=1&resize=350%2C200","width":350,"height":200},"classes":[]},{"id":5578,"url":"https:\/\/garrcorpcomputer.com\/index.php\/producto\/monitor-gaming-24-aoc-24g2\/","url_meta":{"origin":4891,"position":1},"title":"Monitor Gaming 24&#8243; AOC 24G2","date":"8 de septiembre de 2021","format":false,"excerpt":"Frecuencia de actualizaci\u00f3n 144 Hz Tiempo de respuesta (MPRT) 1 ms Resoluci\u00f3n 1920 x 1080 Tipo de panel IPS Brillo (t\u00edpico) 250 Soporte AMD FreeSync Soporte ajustable en altura","rel":"","context":"Entrada similar","img":{"alt_text":"","src":"https:\/\/i0.wp.com\/garrcorpcomputer.com\/wp-content\/uploads\/2021\/09\/monitor-gamer-3.png?fit=471%2C442&ssl=1&resize=350%2C200","width":350,"height":200},"classes":[]},{"id":5581,"url":"https:\/\/garrcorpcomputer.com\/index.php\/producto\/monitor-24-asus-vg248qg\/","url_meta":{"origin":4891,"position":2},"title":"Monitor 24&#8243; ASUS VG248QG","date":"8 de septiembre de 2021","format":false,"excerpt":"Frecuencia de actualizaci\u00f3n: 165 Hz Tiempo de respuesta: 1 ms Tecnolog\u00eda: Adaptive-Sync-ASUS Extreme Low Motion Blur Tipo de panel: TN Puertos: DisplayPort 1.2, HDMI (v1.4) x 1 Dual-Link DVI X 1","rel":"","context":"Entrada similar","img":{"alt_text":"","src":"https:\/\/i2.wp.com\/garrcorpcomputer.com\/wp-content\/uploads\/2021\/09\/monitor-gamer-4.png?fit=372%2C312&ssl=1&resize=350%2C200","width":350,"height":200},"classes":[]},{"id":5839,"url":"https:\/\/garrcorpcomputer.com\/index.php\/producto\/base-refrigerante-6-fans\/","url_meta":{"origin":4891,"position":3},"title":"Base refrigerante 6 fans","date":"11 de septiembre de 2021","format":false,"excerpt":"6 ventiladores 2 puertos USB Reclinable Luz LED Medidas 39 x 24 Silenciosa","rel":"","context":"Con 1 comentario","img":{"alt_text":"","src":"https:\/\/i0.wp.com\/garrcorpcomputer.com\/wp-content\/uploads\/2021\/09\/base-refrigerante-14.png?fit=262%2C241&ssl=1&resize=350%2C200","width":350,"height":200},"classes":[]},{"id":4323,"url":"https:\/\/garrcorpcomputer.com\/index.php\/producto\/combo-gamer-inalambrico-classic-ctmgjr-009-jtc00068\/","url_meta":{"origin":4891,"position":4},"title":"COMBO GAMER INALAMBRICO CLASSIC CTMGJR-009 JTC00068","date":"30 de agosto de 2021","format":false,"excerpt":"COMBO GAMER INALAMBRICO 2 EN 1. TECLADO Y MOUSE CONEXION 24 GHZ FUNCIONAMIENTO HASTA 10M DE DISTANCIA (SIN OBST\u00c1CULOS) MOUSE 6D (6 BOTONES) SCROLL\u00a0 DENTADO DPI AJUSTABLE 800-1200-1600.","rel":"","context":"Entrada similar","img":{"alt_text":"","src":"https:\/\/i2.wp.com\/garrcorpcomputer.com\/wp-content\/uploads\/2021\/08\/COMBO-GAMER-5.png?fit=736%2C429&ssl=1&resize=350%2C200","width":350,"height":200},"classes":[]},{"id":5975,"url":"https:\/\/garrcorpcomputer.com\/index.php\/producto\/kit-de-accesorios-inteligentes-ref-mm105nxt10\/","url_meta":{"origin":4891,"position":5},"title":"Kit de accesorios inteligentes Ref MM105NXT10","date":"15 de septiembre de 2021","format":false,"excerpt":"Instalaci\u00f3n f\u00e1cil y r\u00e1pida Detecci\u00f3n de movimiento efectiva de hasta 8 metros Port\u00e1til Bluetooth\u00ae LE 4.0 (versi\u00f3n IoT) Protecci\u00f3n las 24 horas del d\u00eda Recibe alertas al momento en que se abre una puerta o ventana y\/o se detecta\u00a0movimiento en el interior Requisitos del sistema: Dispositivo m\u00f3vil con plataforma iOS8\u2026","rel":"","context":"Con 45 comentarios","img":{"alt_text":"","src":"https:\/\/i1.wp.com\/garrcorpcomputer.com\/wp-content\/uploads\/2021\/09\/domotica.png?fit=409%2C236&ssl=1&resize=350%2C200","width":350,"height":200},"classes":[]}],"jetpack_sharing_enabled":true,"_links":{"self":[{"href":"https:\/\/garrcorpcomputer.com\/index.php\/wp-json\/wp\/v2\/product\/4891"}],"collection":[{"href":"https:\/\/garrcorpcomputer.com\/index.php\/wp-json\/wp\/v2\/product"}],"about":[{"href":"https:\/\/garrcorpcomputer.com\/index.php\/wp-json\/wp\/v2\/types\/product"}],"replies":[{"embeddable":true,"href":"https:\/\/garrcorpcomputer.com\/index.php\/wp-json\/wp\/v2\/comments?post=4891"}],"version-history":[{"count":1,"href":"https:\/\/garrcorpcomputer.com\/index.php\/wp-json\/wp\/v2\/product\/4891\/revisions"}],"predecessor-version":[{"id":6103,"href":"https:\/\/garrcorpcomputer.com\/index.php\/wp-json\/wp\/v2\/product\/4891\/revisions\/6103"}],"wp:featuredmedia":[{"embeddable":true,"href":"https:\/\/garrcorpcomputer.com\/index.php\/wp-json\/wp\/v2\/media\/4892"}],"wp:attachment":[{"href":"https:\/\/garrcorpcomputer.com\/index.php\/wp-json\/wp\/v2\/media?parent=4891"}],"wp:term":[{"taxonomy":"product_cat","embeddable":true,"href":"https:\/\/garrcorpcomputer.com\/index.php\/wp-json\/wp\/v2\/product_cat?post=4891"},{"taxonomy":"product_tag","embeddable":true,"href":"https:\/\/garrcorpcomputer.com\/index.php\/wp-json\/wp\/v2\/product_tag?post=4891"}],"curies":[{"name":"wp","href":"https:\/\/api.w.org\/{rel}","templated":true}]}}