{"id":5609,"date":"2021-09-08T18:14:26","date_gmt":"2021-09-08T23:14:26","guid":{"rendered":"https:\/\/garrcorpcomputer.com\/?post_type=product&#038;p=5609"},"modified":"2021-10-01T00:00:59","modified_gmt":"2021-10-01T05:00:59","slug":"silla-gamer-zk-1524","status":"publish","type":"product","link":"https:\/\/garrcorpcomputer.com\/index.php\/producto\/silla-gamer-zk-1524\/","title":{"rendered":"Silla Gamer ZK-1524"},"content":{"rendered":"<ul>\n<li>150\u00b0 reclinable: inclinaci\u00f3n hacia atr\u00e1s<\/li>\n<li>Ajuste de altura del asiento : apto para realizar multitareas<\/li>\n<li>Movimiento 360\u00b0<\/li>\n<li>Reposabrazos ajustables<\/li>\n<li>Coj\u00edn cervical y lumbar ergon\u00f3mico<\/li>\n<li>Respaldar y asiento acolchado tapizado en cuero sint\u00e9tico<\/li>\n<li>Estructura interna con marco de acero moldeado<\/li>\n<li>Relleno de espuma inyectada 60kg\/m3<\/li>\n<li>Almohadilla lumbar y cervical graduable en altura<\/li>\n<li>Brazos regulables en altura en PU inyectados<\/li>\n<li>Base de nylon reforzado de 5 puntos y garruchas de nylon de doble eje reforzadas<\/li>\n<\/ul>\n","protected":false},"excerpt":{"rendered":"<p>150\u00b0 reclinable: inclinaci\u00f3n hacia atr\u00e1s Ajuste de altura del asiento : apto para realizar multitareas Movimiento 360\u00b0 Reposabrazos ajustables Coj\u00edn cervical y lumbar ergon\u00f3mico Respaldar y asiento acolchado tapizado en cuero sint\u00e9tico Estructura interna con marco de acero moldeado Relleno de espuma inyectada 60kg\/m3 Almohadilla lumbar y cervical graduable en altura Brazos regulables en altura &hellip;<\/p>\n<p class=\"read-more\"> <a class=\"\" href=\"https:\/\/garrcorpcomputer.com\/index.php\/producto\/silla-gamer-zk-1524\/\"> <span class=\"screen-reader-text\">Silla Gamer ZK-1524<\/span> Leer m\u00e1s &raquo;<\/a><\/p>\n","protected":false},"featured_media":5610,"comment_status":"closed","ping_status":"closed","template":"","meta":{"om_disable_all_campaigns":false,"_mi_skip_tracking":false,"spay_email":"","jetpack_publicize_message":"","jetpack_is_tweetstorm":false},"product_cat":[328,327],"product_tag":[],"jetpack_publicize_connections":[],"jetpack-related-posts":[{"id":5622,"url":"https:\/\/garrcorpcomputer.com\/index.php\/producto\/silla-gamer-zk-1711\/","url_meta":{"origin":5609,"position":0},"title":"Silla Gamer ZK-1711","date":"8 de septiembre de 2021","format":false,"excerpt":"180\u00b0 reclinable Ajuste de altura del asiento Movimiento 360\u00b0 Reposabrazos ajustables Coj\u00edn cervical y lumbar ergon\u00f3mico Descansa pies Material: cuerina de alta densidad Material base arco de metal resistente Apoya abrazo ajustable se configura seg\u00fan altura requerida Mecanismo funcional: ajuste de altura e hidr\u00e1ulico de alta calidad ruedas de alta\u2026","rel":"","context":"Entrada similar","img":{"alt_text":"","src":"https:\/\/i2.wp.com\/garrcorpcomputer.com\/wp-content\/uploads\/2021\/09\/silla-gamer-7.png?fit=340%2C426&ssl=1&resize=350%2C200","width":350,"height":200},"classes":[]},{"id":5615,"url":"https:\/\/garrcorpcomputer.com\/index.php\/producto\/silla-gamer-zk-159\/","url_meta":{"origin":5609,"position":1},"title":"Silla Gamer ZK-159","date":"8 de septiembre de 2021","format":false,"excerpt":"180\u00b0 reclinable Ajuste de altura del asiento Movimiento 360\u00b0 Reposabrazos ajustables Coj\u00edn cervical y lumbar ergon\u00f3mico Material: cuerina de alta densidad Material base arco de metal resistente Mecanismo funcional: ajuste de altura e hidr\u00e1ulico alta calidad Ruedas de alta resistencia Apoya cabeza y espalda configuraci\u00f3n 2D","rel":"","context":"Entrada similar","img":{"alt_text":"","src":"https:\/\/i0.wp.com\/garrcorpcomputer.com\/wp-content\/uploads\/2021\/09\/silla-gamer-6.png?fit=409%2C334&ssl=1&resize=350%2C200","width":350,"height":200},"classes":[]},{"id":5612,"url":"https:\/\/garrcorpcomputer.com\/index.php\/producto\/silla-gamer-zk-528\/","url_meta":{"origin":5609,"position":2},"title":"Silla Gamer ZK-528","date":"8 de septiembre de 2021","format":false,"excerpt":"135\u00b0 reclinable Ajuste de altura del asiento Movimiento 360\u00b0 Reposabrazos Coj\u00edn lumbar ergon\u00f3mico Descansa pies Material: cuerina de alta densidad - material base arco de metal resistente Mecanismo funcional: ajuste de altura e hidr\u00e1ulico alta calidad, ruedas de alta resistencia","rel":"","context":"Entrada similar","img":{"alt_text":"","src":"https:\/\/i2.wp.com\/garrcorpcomputer.com\/wp-content\/uploads\/2021\/09\/silla-gamer-5.png?fit=261%2C422&ssl=1&resize=350%2C200","width":350,"height":200},"classes":[]},{"id":5418,"url":"https:\/\/garrcorpcomputer.com\/index.php\/producto\/silla-gamer-caliber-r1\/","url_meta":{"origin":5609,"position":3},"title":"Silla Gamer Caliber R1","date":"7 de septiembre de 2021","format":false,"excerpt":"Consultar disponibilidad","rel":"","context":"Entrada similar","img":{"alt_text":"","src":"https:\/\/i2.wp.com\/garrcorpcomputer.com\/wp-content\/uploads\/2021\/09\/silla-gamer-1.png?fit=235%2C401&ssl=1&resize=350%2C200","width":350,"height":200},"classes":[]},{"id":5578,"url":"https:\/\/garrcorpcomputer.com\/index.php\/producto\/monitor-gaming-24-aoc-24g2\/","url_meta":{"origin":5609,"position":4},"title":"Monitor Gaming 24&#8243; AOC 24G2","date":"8 de septiembre de 2021","format":false,"excerpt":"Frecuencia de actualizaci\u00f3n 144 Hz Tiempo de respuesta (MPRT) 1 ms Resoluci\u00f3n 1920 x 1080 Tipo de panel IPS Brillo (t\u00edpico) 250 Soporte AMD FreeSync Soporte ajustable en altura","rel":"","context":"Entrada similar","img":{"alt_text":"","src":"https:\/\/i0.wp.com\/garrcorpcomputer.com\/wp-content\/uploads\/2021\/09\/monitor-gamer-3.png?fit=471%2C442&ssl=1&resize=350%2C200","width":350,"height":200},"classes":[]},{"id":5599,"url":"https:\/\/garrcorpcomputer.com\/index.php\/producto\/monitor-gaming-27-aoc-27g2\/","url_meta":{"origin":5609,"position":5},"title":"Monitor Gaming 27&#8243; AOC 27G2","date":"8 de septiembre de 2021","format":false,"excerpt":"144 Hz, 1 ms, Freesync, altavoces, inclinaci\u00f3n Monitor de juego ajustable en altura Resoluci\u00f3n: 1920 x 1080 px Frecuencia de actualizaci\u00f3n: 144 Hz Panel: IPS Relaci\u00f3n de aspecto: 16:09 Brillo (t\u00edpico): 250 cd\/m","rel":"","context":"Entrada similar","img":{"alt_text":"","src":"https:\/\/i2.wp.com\/garrcorpcomputer.com\/wp-content\/uploads\/2021\/09\/monitor-gamer-7.png?fit=512%2C434&ssl=1&resize=350%2C200","width":350,"height":200},"classes":[]}],"jetpack_sharing_enabled":true,"_links":{"self":[{"href":"https:\/\/garrcorpcomputer.com\/index.php\/wp-json\/wp\/v2\/product\/5609"}],"collection":[{"href":"https:\/\/garrcorpcomputer.com\/index.php\/wp-json\/wp\/v2\/product"}],"about":[{"href":"https:\/\/garrcorpcomputer.com\/index.php\/wp-json\/wp\/v2\/types\/product"}],"replies":[{"embeddable":true,"href":"https:\/\/garrcorpcomputer.com\/index.php\/wp-json\/wp\/v2\/comments?post=5609"}],"version-history":[{"count":1,"href":"https:\/\/garrcorpcomputer.com\/index.php\/wp-json\/wp\/v2\/product\/5609\/revisions"}],"predecessor-version":[{"id":6032,"href":"https:\/\/garrcorpcomputer.com\/index.php\/wp-json\/wp\/v2\/product\/5609\/revisions\/6032"}],"wp:featuredmedia":[{"embeddable":true,"href":"https:\/\/garrcorpcomputer.com\/index.php\/wp-json\/wp\/v2\/media\/5610"}],"wp:attachment":[{"href":"https:\/\/garrcorpcomputer.com\/index.php\/wp-json\/wp\/v2\/media?parent=5609"}],"wp:term":[{"taxonomy":"product_cat","embeddable":true,"href":"https:\/\/garrcorpcomputer.com\/index.php\/wp-json\/wp\/v2\/product_cat?post=5609"},{"taxonomy":"product_tag","embeddable":true,"href":"https:\/\/garrcorpcomputer.com\/index.php\/wp-json\/wp\/v2\/product_tag?post=5609"}],"curies":[{"name":"wp","href":"https:\/\/api.w.org\/{rel}","templated":true}]}}