{"id":5629,"date":"2021-09-09T15:16:11","date_gmt":"2021-09-09T20:16:11","guid":{"rendered":"https:\/\/garrcorpcomputer.com\/?post_type=product&#038;p=5629"},"modified":"2021-09-16T16:55:05","modified_gmt":"2021-09-16T21:55:05","slug":"masterbox-mb320l-argb-con-controlador","status":"publish","type":"product","link":"https:\/\/garrcorpcomputer.com\/index.php\/producto\/masterbox-mb320l-argb-con-controlador\/","title":{"rendered":"MasterBox MB320L ARGB con controlador"},"content":{"rendered":"<ul>\n<li>Panel frontal DarkMirror<\/li>\n<li>Tomas de aire en malla<\/li>\n<li>2 ventiladores ARGB<\/li>\n<li>Panel lateral de vidrio templado<\/li>\n<li>Base para discos duros m\u00f3vil y\/o removible<\/li>\n<li>Opciones de enfriamiento vers\u00e1tiles<\/li>\n<li>Espacio para actualizaciones<\/li>\n<\/ul>\n","protected":false},"excerpt":{"rendered":"<p>Consultar disponibilidad<\/p>\n","protected":false},"featured_media":5630,"comment_status":"closed","ping_status":"closed","template":"","meta":{"om_disable_all_campaigns":false,"_mi_skip_tracking":false,"spay_email":"","jetpack_publicize_message":"","jetpack_is_tweetstorm":false},"product_cat":[332,75],"product_tag":[],"jetpack_publicize_connections":[],"jetpack-related-posts":[{"id":5635,"url":"https:\/\/garrcorpcomputer.com\/index.php\/producto\/mastercase-h500-argb\/","url_meta":{"origin":5629,"position":0},"title":"MasterCase H500 ARGB","date":"9 de septiembre de 2021","format":false,"excerpt":"Panel frontal transparente y de malla Ventiladores compatibles: ARGB duales de 200 mm Sistema de iluminaci\u00f3n ARGB Panel lateral de vidrio templado Manija para f\u00e1cil transporte y levantamiento","rel":"","context":"Entrada similar","img":{"alt_text":"","src":"","width":0,"height":0},"classes":[]},{"id":5646,"url":"https:\/\/garrcorpcomputer.com\/index.php\/producto\/ventilador-sickleflow-120-argb\/","url_meta":{"origin":5629,"position":1},"title":"Ventilador SickleFlow 120 ARGB","date":"9 de septiembre de 2021","format":false,"excerpt":"","rel":"","context":"Entrada similar","img":{"alt_text":"","src":"https:\/\/i2.wp.com\/garrcorpcomputer.com\/wp-content\/uploads\/2021\/09\/ventilador-2-2.png?fit=227%2C269&ssl=1&resize=350%2C200","width":350,"height":200},"classes":[]},{"id":6071,"url":"https:\/\/garrcorpcomputer.com\/index.php\/producto\/caja-atx-cl-y1-ventiladores-argb-controlador-r5680xsy\/","url_meta":{"origin":5629,"position":2},"title":"Caja ATX: CL-Y1 ventiladores ARGB+ controlador R5680XSY Ryzen 5","date":"17 de septiembre de 2021","format":false,"excerpt":"Procesador: AMD Ryzen 5 5600X 3.7 GHz Board: Asus prime A520M-A Memoria: Adata XPG spectrix DT41 8GB DDR4 RGB 3200MHZ Disco duro: estado solido Adata 240GB M.2 Sata Fuente de poder: Cooler master bronce V2 80 plus 500W","rel":"","context":"Con 3 comentarios","img":{"alt_text":"","src":"https:\/\/i0.wp.com\/garrcorpcomputer.com\/wp-content\/uploads\/2021\/09\/torre-2.png?fit=362%2C331&ssl=1&resize=350%2C200","width":350,"height":200},"classes":[]},{"id":6068,"url":"https:\/\/garrcorpcomputer.com\/index.php\/producto\/caja-atx-cl-l18-ventiladores-argbcontrolador\/","url_meta":{"origin":5629,"position":3},"title":"Caja ATX: CL-L18 ventiladores ARGB+controlador R5680XGSL Ryzen 5","date":"17 de septiembre de 2021","format":false,"excerpt":"Procesador: AMD Ryzen 5 5600X 3.7GHz Board: Gigabyte B450M Aourus elite Memoria: Adata XPG Spectrix DT41 8GB DDR4 RGB 3200MHZ Disco duro: estado solido Adata 240GB M.2 sata Fuente de poder: Cooler master bronce V2 80 plus 500W","rel":"","context":"Con 2 comentarios","img":{"alt_text":"","src":"https:\/\/i0.wp.com\/garrcorpcomputer.com\/wp-content\/uploads\/2021\/09\/torre-1.png?fit=339%2C345&ssl=1&resize=350%2C200","width":350,"height":200},"classes":[]},{"id":5605,"url":"https:\/\/garrcorpcomputer.com\/index.php\/producto\/monitor-gaming-curvo-lcd-aoc-32-cq32g2s\/","url_meta":{"origin":5629,"position":4},"title":"Monitor Gaming curvo LCD AOC 32&#8243; CQ32G2S","date":"8 de septiembre de 2021","format":false,"excerpt":"Frecuencia de actualizaci\u00f3n: 165 Hz Tiempo de respuesta: 1 ms Monitor de juegos de alto rendimiento con panel VA de resoluci\u00f3n QHD 2K Resoluci\u00f3n: 2560 x 1440 Tipo de panel: VA Brillo (t\u00edpico): 300","rel":"","context":"Entrada similar","img":{"alt_text":"","src":"https:\/\/i1.wp.com\/garrcorpcomputer.com\/wp-content\/uploads\/2021\/09\/monitor-gamer-9.png?fit=365%2C432&ssl=1&resize=350%2C200","width":350,"height":200},"classes":[]},{"id":5638,"url":"https:\/\/garrcorpcomputer.com\/index.php\/producto\/masterbox-mb520-rgb-mwe-white-full-range-650w\/","url_meta":{"origin":5629,"position":5},"title":"MasterBox MB520 RGB + MWE White Full Range 650W","date":"9 de septiembre de 2021","format":false,"excerpt":"Panel frontal DarkMirror Ventiladores LED RGB y control de iluminaci\u00f3n Ingestas de rendimiento Panel lateral de vidrio templado Soporte para un total de 6 ventiladores y refrigeraci\u00f3n por agua Soporte de tarjeta gr\u00e1fica de hasta 410 mm Bandejas de almacenamiento y cubierta de PSU completa","rel":"","context":"Entrada similar","img":{"alt_text":"","src":"","width":0,"height":0},"classes":[]}],"jetpack_sharing_enabled":true,"_links":{"self":[{"href":"https:\/\/garrcorpcomputer.com\/index.php\/wp-json\/wp\/v2\/product\/5629"}],"collection":[{"href":"https:\/\/garrcorpcomputer.com\/index.php\/wp-json\/wp\/v2\/product"}],"about":[{"href":"https:\/\/garrcorpcomputer.com\/index.php\/wp-json\/wp\/v2\/types\/product"}],"replies":[{"embeddable":true,"href":"https:\/\/garrcorpcomputer.com\/index.php\/wp-json\/wp\/v2\/comments?post=5629"}],"version-history":[{"count":1,"href":"https:\/\/garrcorpcomputer.com\/index.php\/wp-json\/wp\/v2\/product\/5629\/revisions"}],"predecessor-version":[{"id":6064,"href":"https:\/\/garrcorpcomputer.com\/index.php\/wp-json\/wp\/v2\/product\/5629\/revisions\/6064"}],"wp:featuredmedia":[{"embeddable":true,"href":"https:\/\/garrcorpcomputer.com\/index.php\/wp-json\/wp\/v2\/media\/5630"}],"wp:attachment":[{"href":"https:\/\/garrcorpcomputer.com\/index.php\/wp-json\/wp\/v2\/media?parent=5629"}],"wp:term":[{"taxonomy":"product_cat","embeddable":true,"href":"https:\/\/garrcorpcomputer.com\/index.php\/wp-json\/wp\/v2\/product_cat?post=5629"},{"taxonomy":"product_tag","embeddable":true,"href":"https:\/\/garrcorpcomputer.com\/index.php\/wp-json\/wp\/v2\/product_tag?post=5629"}],"curies":[{"name":"wp","href":"https:\/\/api.w.org\/{rel}","templated":true}]}}