{"id":5730,"date":"2021-09-10T16:22:28","date_gmt":"2021-09-10T21:22:28","guid":{"rendered":"https:\/\/garrcorpcomputer.com\/?post_type=product&#038;p=5730"},"modified":"2021-09-10T16:29:25","modified_gmt":"2021-09-10T21:29:25","slug":"mouse-inalambrico-gamer-tech-gti01","status":"publish","type":"product","link":"https:\/\/garrcorpcomputer.com\/index.php\/producto\/mouse-inalambrico-gamer-tech-gti01\/","title":{"rendered":"Mouse inal\u00e1mbrico Gamer Tech GTI01"},"content":{"rendered":"<ul>\n<li>Mouse inal\u00e1mbrico 2.4g<\/li>\n<li>6 botones<\/li>\n<li>DPI ajustable 800\/1200\/1600<\/li>\n<li>Material abs<\/li>\n<li>Ergon\u00f3mico, se adhiere forma mano<\/li>\n<li>Plug and play<\/li>\n<li>USB 2.0<\/li>\n<li>Rango WI-FI 10m<\/li>\n<li>Negro, gris, rojo<\/li>\n<li>1 pila AA<\/li>\n<li>11.3 x 8 x 4.8cm<\/li>\n<li>Opto electr\u00f3nico<\/li>\n<li>10 millones de pulsaciones<\/li>\n<li>Windows \/ vista \/ Mac<\/li>\n<\/ul>\n","protected":false},"excerpt":{"rendered":"<p>Mouse inal\u00e1mbrico 2.4g 6 botones DPI ajustable 800\/1200\/1600 Material abs Ergon\u00f3mico, se adhiere forma mano Plug and play USB 2.0 Rango WI-FI 10m Negro, gris, rojo 1 pila AA 11.3 x 8 x 4.8cm Opto electr\u00f3nico 10 millones de pulsaciones Windows \/ vista \/ Mac<\/p>\n","protected":false},"featured_media":5731,"comment_status":"closed","ping_status":"closed","template":"","meta":{"om_disable_all_campaigns":false,"_mi_skip_tracking":false,"spay_email":"","jetpack_publicize_message":"","jetpack_is_tweetstorm":false},"product_cat":[328,339],"product_tag":[],"jetpack_publicize_connections":[],"jetpack-related-posts":[{"id":4371,"url":"https:\/\/garrcorpcomputer.com\/index.php\/producto\/teclado-y-mouse-inalambrico-ws630\/","url_meta":{"origin":5730,"position":0},"title":"TECLADO Y MOUSE INAL\u00c1MBRICO WS630","date":"30 de agosto de 2021","format":false,"excerpt":"Teclado en espa\u00f1ol Conexi\u00f3n inal\u00e1mbrica 2.4 Ghz Teclado tipo mec\u00e1nico 108 teclas alfa num\u00e9ricas con impresi\u00f3n l\u00e1ser 1 bater\u00eda AA MOUSE Mouse de 1000 DPI Conexi\u00f3n inal\u00e1mbrica 2.4 Ghz 3 botones + scroll Alcance 10 mt 2 bater\u00edas \u00a0AAA","rel":"","context":"Entrada similar","img":{"alt_text":"","src":"https:\/\/i1.wp.com\/garrcorpcomputer.com\/wp-content\/uploads\/2021\/08\/combo-teclado-y-mouse-2.png?fit=752%2C213&ssl=1&resize=350%2C200","width":350,"height":200},"classes":[]},{"id":4368,"url":"https:\/\/garrcorpcomputer.com\/index.php\/producto\/combo-teclado-y-mouse-inalambrico-ws880\/","url_meta":{"origin":5730,"position":1},"title":"COMBO TECLADO Y MOUSE INAL\u00c1MBRICO WS880","date":"30 de agosto de 2021","format":false,"excerpt":"Teclado en espa\u00f1ol Conexi\u00f3n inal\u00e1mbrico 2.4 Ghz 108 teclas alfa num\u00e9ricas 10 teclas multimedia 1 bater\u00eda AA Mouse de 1000 DPI Conexi\u00f3n inal\u00e1mbrica 2.4 Ghz 3 botones + scroll 1 bot\u00f3n de encendido 2 bater\u00edas AAA","rel":"","context":"Entrada similar","img":{"alt_text":"","src":"https:\/\/i2.wp.com\/garrcorpcomputer.com\/wp-content\/uploads\/2021\/08\/combo-teclado-y-mouse-1.png?fit=772%2C220&ssl=1&resize=350%2C200","width":350,"height":200},"classes":[]},{"id":4386,"url":"https:\/\/garrcorpcomputer.com\/index.php\/producto\/mouse-inalambrico-consmo-w450\/","url_meta":{"origin":5730,"position":2},"title":"MOUSE INALAMBRICO CONSMO W450","date":"30 de agosto de 2021","format":false,"excerpt":"Conexi\u00f3n inal\u00e1mbrica 2.4 Ghz Alcance de 10 mt 2 botones + scroll Hasta 1000 DPI 2 bater\u00edas AAA","rel":"","context":"Entrada similar","img":{"alt_text":"","src":"","width":0,"height":0},"classes":[]},{"id":4389,"url":"https:\/\/garrcorpcomputer.com\/index.php\/producto\/mouse-inalambrico-consmo-w170\/","url_meta":{"origin":5730,"position":3},"title":"MOUSE INALAMBRICO CONSMO W170","date":"30 de agosto de 2021","format":false,"excerpt":"Conexi\u00f3n inal\u00e1mbrica 2.4 Ghz Alcance de 10 mt 2 botones \u00b4scroll 800 DPI 1 bater\u00eda AA","rel":"","context":"Entrada similar","img":{"alt_text":"","src":"https:\/\/i2.wp.com\/garrcorpcomputer.com\/wp-content\/uploads\/2021\/08\/mouse-13.png?fit=431%2C494&ssl=1&resize=350%2C200","width":350,"height":200},"classes":[]},{"id":5679,"url":"https:\/\/garrcorpcomputer.com\/index.php\/producto\/mouse-logitech-inalambrico-m280-gris\/","url_meta":{"origin":5730,"position":4},"title":"Mouse Logitech inal\u00e1mbrico M280 gris","date":"10 de septiembre de 2021","format":false,"excerpt":"","rel":"","context":"Entrada similar","img":{"alt_text":"","src":"https:\/\/i2.wp.com\/garrcorpcomputer.com\/wp-content\/uploads\/2021\/09\/mouse-17.png?fit=411%2C233&ssl=1&resize=350%2C200","width":350,"height":200},"classes":[]},{"id":5694,"url":"https:\/\/garrcorpcomputer.com\/index.php\/producto\/mouse-logitech-inalambrico-bluetooth-m535\/","url_meta":{"origin":5730,"position":5},"title":"Mouse Logitech inal\u00e1mbrico bluetooth M535","date":"10 de septiembre de 2021","format":false,"excerpt":"","rel":"","context":"Entrada similar","img":{"alt_text":"","src":"https:\/\/i2.wp.com\/garrcorpcomputer.com\/wp-content\/uploads\/2021\/09\/mouse-18-2.png?fit=352%2C232&ssl=1&resize=350%2C200","width":350,"height":200},"classes":[]}],"jetpack_sharing_enabled":true,"_links":{"self":[{"href":"https:\/\/garrcorpcomputer.com\/index.php\/wp-json\/wp\/v2\/product\/5730"}],"collection":[{"href":"https:\/\/garrcorpcomputer.com\/index.php\/wp-json\/wp\/v2\/product"}],"about":[{"href":"https:\/\/garrcorpcomputer.com\/index.php\/wp-json\/wp\/v2\/types\/product"}],"replies":[{"embeddable":true,"href":"https:\/\/garrcorpcomputer.com\/index.php\/wp-json\/wp\/v2\/comments?post=5730"}],"version-history":[{"count":0,"href":"https:\/\/garrcorpcomputer.com\/index.php\/wp-json\/wp\/v2\/product\/5730\/revisions"}],"wp:featuredmedia":[{"embeddable":true,"href":"https:\/\/garrcorpcomputer.com\/index.php\/wp-json\/wp\/v2\/media\/5731"}],"wp:attachment":[{"href":"https:\/\/garrcorpcomputer.com\/index.php\/wp-json\/wp\/v2\/media?parent=5730"}],"wp:term":[{"taxonomy":"product_cat","embeddable":true,"href":"https:\/\/garrcorpcomputer.com\/index.php\/wp-json\/wp\/v2\/product_cat?post=5730"},{"taxonomy":"product_tag","embeddable":true,"href":"https:\/\/garrcorpcomputer.com\/index.php\/wp-json\/wp\/v2\/product_tag?post=5730"}],"curies":[{"name":"wp","href":"https:\/\/api.w.org\/{rel}","templated":true}]}}