{"id":5777,"date":"2021-09-11T11:02:22","date_gmt":"2021-09-11T16:02:22","guid":{"rendered":"https:\/\/garrcorpcomputer.com\/?post_type=product&#038;p=5777"},"modified":"2025-11-04T22:22:20","modified_gmt":"2025-11-05T03:22:20","slug":"led-strip-60l-3mtr","status":"publish","type":"product","link":"https:\/\/garrcorpcomputer.com\/index.php\/producto\/led-strip-60l-3mtr\/","title":{"rendered":"LED strip 60L 3MTR"},"content":{"rendered":"<ul>\n<li>60 LEDS x metro<\/li>\n<li>3 mtrs<\/li>\n<li>Colores RGB<\/li>\n<li>Control remoto<\/li>\n<li>5V USB<\/li>\n<li>Autoadhesivos<\/li>\n<\/ul>\n","protected":false},"excerpt":{"rendered":"<p><span style=\"color: #ff0000;\">Por tiempo limitado<\/span><\/p>\n","protected":false},"featured_media":5778,"comment_status":"open","ping_status":"closed","template":"","meta":{"om_disable_all_campaigns":false,"_mi_skip_tracking":false,"spay_email":"","jetpack_publicize_message":"","jetpack_is_tweetstorm":false},"product_cat":[345],"product_tag":[],"jetpack_publicize_connections":[],"jetpack-related-posts":[{"id":5783,"url":"https:\/\/garrcorpcomputer.com\/index.php\/producto\/led-strip-60l-5mtr\/","url_meta":{"origin":5777,"position":0},"title":"LED strip 60L 5MTR","date":"11 de septiembre de 2021","format":false,"excerpt":"Por tiempo limitado","rel":"","context":"Con 2 comentarios","img":{"alt_text":"","src":"https:\/\/i2.wp.com\/garrcorpcomputer.com\/wp-content\/uploads\/2021\/09\/iluminacion-4.png?fit=379%2C366&ssl=1&resize=350%2C200","width":350,"height":200},"classes":[]},{"id":5771,"url":"https:\/\/garrcorpcomputer.com\/index.php\/producto\/led-strip-30l-3mtr\/","url_meta":{"origin":5777,"position":1},"title":"LED strip 30L 3MTR","date":"11 de septiembre de 2021","format":false,"excerpt":"Resistente al agua Por tiempo limitado","rel":"","context":"Con 2 comentarios","img":{"alt_text":"","src":"https:\/\/i1.wp.com\/garrcorpcomputer.com\/wp-content\/uploads\/2021\/09\/iluminacion-3.png?fit=281%2C273&ssl=1&resize=350%2C200","width":350,"height":200},"classes":[]},{"id":5785,"url":"https:\/\/garrcorpcomputer.com\/index.php\/producto\/luces-hexagonales-x3\/","url_meta":{"origin":5777,"position":2},"title":"Luces hexagonales X3","date":"11 de septiembre de 2021","format":false,"excerpt":"Por tiempo limitado","rel":"","context":"Con 2 comentarios","img":{"alt_text":"","src":"https:\/\/i1.wp.com\/garrcorpcomputer.com\/wp-content\/uploads\/2021\/09\/iluminacion-6.png?fit=282%2C201&ssl=1&resize=350%2C200","width":350,"height":200},"classes":[]},{"id":5798,"url":"https:\/\/garrcorpcomputer.com\/index.php\/producto\/luces-hexagonales-x6\/","url_meta":{"origin":5777,"position":3},"title":"Luces hexagonales X6","date":"11 de septiembre de 2021","format":false,"excerpt":"Por tiempo limitado","rel":"","context":"Con 1 comentario","img":{"alt_text":"","src":"https:\/\/i0.wp.com\/garrcorpcomputer.com\/wp-content\/uploads\/2021\/09\/iluminacion-7.png?fit=401%2C290&ssl=1&resize=350%2C200","width":350,"height":200},"classes":[]},{"id":4213,"url":"https:\/\/garrcorpcomputer.com\/index.php\/producto\/diadema-gamer-tech-rgb-ref-11010\/","url_meta":{"origin":5777,"position":4},"title":"Diadema Gamer Tech Clan RGB Ref 11010","date":"28 de agosto de 2021","format":false,"excerpt":"Iluminaci\u00f3n LED RGB Diadema para PS4, XBOX ONE y PC SUPER BASS Sonido envolvente Ajustable y ergon\u00f3mica Dise\u00f1o GAMER de lujo Material de alta calidad ABS Conexi\u00f3n 3,5 mm para audio USB para luces LED RGB Micr\u00f3fono ajustable de alta definici\u00f3n Control de volumen y silenciar micr\u00f3fono Di\u00e1metro del auricular:\u2026","rel":"","context":"Entrada similar","img":{"alt_text":"","src":"https:\/\/i1.wp.com\/garrcorpcomputer.com\/wp-content\/uploads\/2021\/08\/diadema-12.png?fit=459%2C373&ssl=1&resize=350%2C200","width":350,"height":200},"classes":[]},{"id":714,"url":"https:\/\/garrcorpcomputer.com\/index.php\/producto\/mouse-gamertech-rusher-gt12\/","url_meta":{"origin":5777,"position":5},"title":"MOUSE GAMER TECH RUSHER GT12","date":"12 de agosto de 2021","format":false,"excerpt":"Iluminaci\u00f3n LED de colores RGB\u00a0con software 7 botones programables atreves del software Retro iluminado con cambio de luces Dise\u00f1o GAMER de lujo Mouse USB para juegos personalizado 7D DPI: 1200\/2400\/4800\/7200 Conexi\u00f3n USB Voltaje nominal: 5V Longitud del cable: 1,4 m","rel":"","context":"Entrada similar","img":{"alt_text":"","src":"https:\/\/i2.wp.com\/garrcorpcomputer.com\/wp-content\/uploads\/2021\/08\/Mouse-1068.png?fit=533%2C454&ssl=1&resize=350%2C200","width":350,"height":200},"classes":[]}],"jetpack_sharing_enabled":true,"_links":{"self":[{"href":"https:\/\/garrcorpcomputer.com\/index.php\/wp-json\/wp\/v2\/product\/5777"}],"collection":[{"href":"https:\/\/garrcorpcomputer.com\/index.php\/wp-json\/wp\/v2\/product"}],"about":[{"href":"https:\/\/garrcorpcomputer.com\/index.php\/wp-json\/wp\/v2\/types\/product"}],"replies":[{"embeddable":true,"href":"https:\/\/garrcorpcomputer.com\/index.php\/wp-json\/wp\/v2\/comments?post=5777"}],"version-history":[{"count":3,"href":"https:\/\/garrcorpcomputer.com\/index.php\/wp-json\/wp\/v2\/product\/5777\/revisions"}],"predecessor-version":[{"id":5795,"href":"https:\/\/garrcorpcomputer.com\/index.php\/wp-json\/wp\/v2\/product\/5777\/revisions\/5795"}],"wp:featuredmedia":[{"embeddable":true,"href":"https:\/\/garrcorpcomputer.com\/index.php\/wp-json\/wp\/v2\/media\/5778"}],"wp:attachment":[{"href":"https:\/\/garrcorpcomputer.com\/index.php\/wp-json\/wp\/v2\/media?parent=5777"}],"wp:term":[{"taxonomy":"product_cat","embeddable":true,"href":"https:\/\/garrcorpcomputer.com\/index.php\/wp-json\/wp\/v2\/product_cat?post=5777"},{"taxonomy":"product_tag","embeddable":true,"href":"https:\/\/garrcorpcomputer.com\/index.php\/wp-json\/wp\/v2\/product_tag?post=5777"}],"curies":[{"name":"wp","href":"https:\/\/api.w.org\/{rel}","templated":true}]}}