{"id":5833,"date":"2021-09-11T13:08:58","date_gmt":"2021-09-11T18:08:58","guid":{"rendered":"https:\/\/garrcorpcomputer.com\/?post_type=product&#038;p=5833"},"modified":"2025-11-04T19:15:57","modified_gmt":"2025-11-05T00:15:57","slug":"base-refrigerante-m7","status":"publish","type":"product","link":"https:\/\/garrcorpcomputer.com\/index.php\/producto\/base-refrigerante-m7\/","title":{"rendered":"Base refrigerante M7"},"content":{"rendered":"<ul>\n<li>5 Ventiladores<\/li>\n<li>Interfaz USB<\/li>\n<li>LED<\/li>\n<li>5 \u00e1ngulos de inclinaci\u00f3n<\/li>\n<li>Soporta de 12\u201d a 17\u201d<\/li>\n<li>Dual USB \u00b7 Velocidad ajustable<\/li>\n<\/ul>\n","protected":false},"excerpt":{"rendered":"<p>5 Ventiladores Interfaz USB LED 5 \u00e1ngulos de inclinaci\u00f3n Soporta de 12\u201d a 17\u201d Dual USB \u00b7 Velocidad ajustable<\/p>\n","protected":false},"featured_media":5834,"comment_status":"open","ping_status":"closed","template":"","meta":{"om_disable_all_campaigns":false,"_mi_skip_tracking":false,"spay_email":"","jetpack_publicize_message":"","jetpack_is_tweetstorm":false},"product_cat":[21,27],"product_tag":[],"jetpack_publicize_connections":[],"jetpack-related-posts":[{"id":5849,"url":"https:\/\/garrcorpcomputer.com\/index.php\/producto\/base-refrigerante-bp01\/","url_meta":{"origin":5833,"position":0},"title":"Base refrigerante BP01","date":"11 de septiembre de 2021","format":false,"excerpt":"5 Ventiladores Interfaz USB LED 5 \u00e1ngulos de inclinaci\u00f3n Dise\u00f1o gamer Soporta de 12\u201d a 17\u201d Dual USB Velocidad ajustable","rel":"","context":"Con 3 comentarios","img":{"alt_text":"","src":"","width":0,"height":0},"classes":[]},{"id":5830,"url":"https:\/\/garrcorpcomputer.com\/index.php\/producto\/base-refrigerante-tribal\/","url_meta":{"origin":5833,"position":1},"title":"Base refrigerante tribal","date":"11 de septiembre de 2021","format":false,"excerpt":"3 Ventiladores Interfaz USB LED 5 \u00c1ngulos de inclinaci\u00f3n Dise\u00f1o gamer \u00b7 Soporta de 12\u201d a 17\u201d \u00b7 Dual USB \u00b7 Velocidad ajustable","rel":"","context":"Con 1 comentario","img":{"alt_text":"","src":"","width":0,"height":0},"classes":[]},{"id":5852,"url":"https:\/\/garrcorpcomputer.com\/index.php\/producto\/base-refrigerante-q7\/","url_meta":{"origin":5833,"position":2},"title":"Base refrigerante Q7","date":"11 de septiembre de 2021","format":false,"excerpt":"5 Ventiladores Interfaz USB LED 1 \u00e1ngulo de inclinaci\u00f3n Dise\u00f1o gamer Soporta de 12\u201d a 17\u201d Dual USB Velocidad ajustable","rel":"","context":"Con 4 comentarios","img":{"alt_text":"","src":"","width":0,"height":0},"classes":[]},{"id":5845,"url":"https:\/\/garrcorpcomputer.com\/index.php\/producto\/base-refrigerante-x8\/","url_meta":{"origin":5833,"position":3},"title":"Base refrigerante X8","date":"11 de septiembre de 2021","format":false,"excerpt":"6 Ventiladores Interfaz USB 5 \u00e1ngulos de inclinaci\u00f3n Aluminio Soporta de 12\u201d a 17\u201d Dual USB Velocidad ajustable","rel":"","context":"Con 2 comentarios","img":{"alt_text":"","src":"https:\/\/i2.wp.com\/garrcorpcomputer.com\/wp-content\/uploads\/2021\/09\/base-refrigerante-16.png?fit=282%2C221&ssl=1&resize=350%2C200","width":350,"height":200},"classes":[]},{"id":5827,"url":"https:\/\/garrcorpcomputer.com\/index.php\/producto\/base-refrigerante-h2\/","url_meta":{"origin":5833,"position":4},"title":"Base refrigerante H2","date":"11 de septiembre de 2021","format":false,"excerpt":"4 Ventiladores Interfaz USB 5 \u00e1ngulos de inclinaci\u00f3n LED Soporta de 12\u201d a 17\u201d Dual USB","rel":"","context":"Con 1 comentario","img":{"alt_text":"","src":"","width":0,"height":0},"classes":[]},{"id":5855,"url":"https:\/\/garrcorpcomputer.com\/index.php\/producto\/base-refrigerante-lujo-q8\/","url_meta":{"origin":5833,"position":5},"title":"Base refrigerante lujo Q8","date":"11 de septiembre de 2021","format":false,"excerpt":"6 Ventiladores Interfaz USB LED 7 \u00e1ngulos de inclinaci\u00f3n Dise\u00f1o gamer luces RGB 6 modos Soporta de 12\u201d a 18\u201d Dual USB Velocidad ajustable y panel de control","rel":"","context":"Con 2 comentarios","img":{"alt_text":"","src":"","width":0,"height":0},"classes":[]}],"jetpack_sharing_enabled":true,"_links":{"self":[{"href":"https:\/\/garrcorpcomputer.com\/index.php\/wp-json\/wp\/v2\/product\/5833"}],"collection":[{"href":"https:\/\/garrcorpcomputer.com\/index.php\/wp-json\/wp\/v2\/product"}],"about":[{"href":"https:\/\/garrcorpcomputer.com\/index.php\/wp-json\/wp\/v2\/types\/product"}],"replies":[{"embeddable":true,"href":"https:\/\/garrcorpcomputer.com\/index.php\/wp-json\/wp\/v2\/comments?post=5833"}],"version-history":[{"count":1,"href":"https:\/\/garrcorpcomputer.com\/index.php\/wp-json\/wp\/v2\/product\/5833\/revisions"}],"predecessor-version":[{"id":5835,"href":"https:\/\/garrcorpcomputer.com\/index.php\/wp-json\/wp\/v2\/product\/5833\/revisions\/5835"}],"wp:featuredmedia":[{"embeddable":true,"href":"https:\/\/garrcorpcomputer.com\/index.php\/wp-json\/wp\/v2\/media\/5834"}],"wp:attachment":[{"href":"https:\/\/garrcorpcomputer.com\/index.php\/wp-json\/wp\/v2\/media?parent=5833"}],"wp:term":[{"taxonomy":"product_cat","embeddable":true,"href":"https:\/\/garrcorpcomputer.com\/index.php\/wp-json\/wp\/v2\/product_cat?post=5833"},{"taxonomy":"product_tag","embeddable":true,"href":"https:\/\/garrcorpcomputer.com\/index.php\/wp-json\/wp\/v2\/product_tag?post=5833"}],"curies":[{"name":"wp","href":"https:\/\/api.w.org\/{rel}","templated":true}]}}