{"id":5855,"date":"2021-09-11T13:31:01","date_gmt":"2021-09-11T18:31:01","guid":{"rendered":"https:\/\/garrcorpcomputer.com\/?post_type=product&#038;p=5855"},"modified":"2025-11-04T19:14:49","modified_gmt":"2025-11-05T00:14:49","slug":"base-refrigerante-lujo-q8","status":"publish","type":"product","link":"https:\/\/garrcorpcomputer.com\/index.php\/producto\/base-refrigerante-lujo-q8\/","title":{"rendered":"Base refrigerante lujo Q8"},"content":{"rendered":"<ul>\n<li>6 Ventiladores<\/li>\n<li>Interfaz USB<\/li>\n<li>LED<\/li>\n<li>7 \u00e1ngulos de inclinaci\u00f3n<\/li>\n<li>Dise\u00f1o gamer luces RGB 6 modos<\/li>\n<li>Soporta de 12\u201d a 18\u201d<\/li>\n<li>Dual USB<\/li>\n<li>Velocidad ajustable y panel de control<\/li>\n<\/ul>\n","protected":false},"excerpt":{"rendered":"<p>6 Ventiladores Interfaz USB LED 7 \u00e1ngulos de inclinaci\u00f3n Dise\u00f1o gamer luces RGB 6 modos Soporta de 12\u201d a 18\u201d Dual USB Velocidad ajustable y panel de control<\/p>\n","protected":false},"featured_media":5856,"comment_status":"open","ping_status":"closed","template":"","meta":{"om_disable_all_campaigns":false,"_mi_skip_tracking":false,"spay_email":"","jetpack_publicize_message":"","jetpack_is_tweetstorm":false},"product_cat":[21,27],"product_tag":[],"jetpack_publicize_connections":[],"jetpack-related-posts":[{"id":4260,"url":"https:\/\/garrcorpcomputer.com\/index.php\/producto\/mouse-gamer-tech-usb-gt9\/","url_meta":{"origin":5855,"position":0},"title":"Mouse Gamer Tech USB GT9","date":"29 de agosto de 2021","format":false,"excerpt":"6 botones 3200 DPI","rel":"","context":"Entrada similar","img":{"alt_text":"","src":"https:\/\/i2.wp.com\/garrcorpcomputer.com\/wp-content\/uploads\/2021\/08\/mouse-8.png?fit=579%2C492&ssl=1&resize=350%2C200","width":350,"height":200},"classes":[]},{"id":662,"url":"https:\/\/garrcorpcomputer.com\/index.php\/producto\/mouse-usb-gamer-tech-gt2-ref-10891\/","url_meta":{"origin":5855,"position":1},"title":"MOUSE USB GAMER TECH GT2 Ref 10891","date":"12 de agosto de 2021","format":false,"excerpt":"Empaque de lujo 6 botones DPI 800 \/ 1200 \/ 1600 \/ 2400 Interfaz USB Retroiluminado Multicolor Efectos luces LED Filtro de ferrita","rel":"","context":"Entrada similar","img":{"alt_text":"","src":"https:\/\/i1.wp.com\/garrcorpcomputer.com\/wp-content\/uploads\/2021\/08\/MOUSE-COD-1007.png?fit=800%2C600&ssl=1&resize=350%2C200","width":350,"height":200},"classes":[]},{"id":5724,"url":"https:\/\/garrcorpcomputer.com\/index.php\/producto\/mouse-usb-gamer-tech-gt1-10890\/","url_meta":{"origin":5855,"position":2},"title":"Mouse USB Gamer Tech GT1 10890","date":"10 de septiembre de 2021","format":false,"excerpt":"Empaque de lujo 6 botones DPI 800 \/ 1200 \/ 1600 \/ 2400 \/ 3200 \/ 4800 Interfaz USB Retroiluminado Multicolor Efectos luces LED Filtro de ferrita","rel":"","context":"Entrada similar","img":{"alt_text":"","src":"https:\/\/i1.wp.com\/garrcorpcomputer.com\/wp-content\/uploads\/2021\/09\/mouse-21.png?fit=533%2C365&ssl=1&resize=350%2C200","width":350,"height":200},"classes":[]},{"id":689,"url":"https:\/\/garrcorpcomputer.com\/index.php\/producto\/mouse-usb-gamer-tech-gt3-ref-10892\/","url_meta":{"origin":5855,"position":3},"title":"MOUSE USB GAMER TECH GT3 Ref 10892","date":"12 de agosto de 2021","format":false,"excerpt":"3200 DPI 6 botones Led RGB","rel":"","context":"Entrada similar","img":{"alt_text":"","src":"https:\/\/i0.wp.com\/garrcorpcomputer.com\/wp-content\/uploads\/2021\/08\/mouse-1059.png?fit=559%2C534&ssl=1&resize=350%2C200","width":350,"height":200},"classes":[]},{"id":694,"url":"https:\/\/garrcorpcomputer.com\/index.php\/producto\/mouse-usb-gamer-tech-gt4-gt4-ref-10893\/","url_meta":{"origin":5855,"position":4},"title":"MOUSE USBGAMER TECH GT4 REF 10893","date":"12 de agosto de 2021","format":false,"excerpt":"6 botones Mouse gamer Empaque de lujo DPI 800 \/ 1200 \/ 1600 \/ 2400 \/ 3200 Interfaz USB Retroiluminado Multicolor Efectos luces LED Filtro de ferrita","rel":"","context":"Entrada similar","img":{"alt_text":"","src":"https:\/\/i2.wp.com\/garrcorpcomputer.com\/wp-content\/uploads\/2021\/08\/mouse-1080.png?fit=800%2C600&ssl=1&resize=350%2C200","width":350,"height":200},"classes":[]},{"id":5845,"url":"https:\/\/garrcorpcomputer.com\/index.php\/producto\/base-refrigerante-x8\/","url_meta":{"origin":5855,"position":5},"title":"Base refrigerante X8","date":"11 de septiembre de 2021","format":false,"excerpt":"6 Ventiladores Interfaz USB 5 \u00e1ngulos de inclinaci\u00f3n Aluminio Soporta de 12\u201d a 17\u201d Dual USB Velocidad ajustable","rel":"","context":"Con 2 comentarios","img":{"alt_text":"","src":"https:\/\/i2.wp.com\/garrcorpcomputer.com\/wp-content\/uploads\/2021\/09\/base-refrigerante-16.png?fit=282%2C221&ssl=1&resize=350%2C200","width":350,"height":200},"classes":[]}],"jetpack_sharing_enabled":true,"_links":{"self":[{"href":"https:\/\/garrcorpcomputer.com\/index.php\/wp-json\/wp\/v2\/product\/5855"}],"collection":[{"href":"https:\/\/garrcorpcomputer.com\/index.php\/wp-json\/wp\/v2\/product"}],"about":[{"href":"https:\/\/garrcorpcomputer.com\/index.php\/wp-json\/wp\/v2\/types\/product"}],"replies":[{"embeddable":true,"href":"https:\/\/garrcorpcomputer.com\/index.php\/wp-json\/wp\/v2\/comments?post=5855"}],"version-history":[{"count":1,"href":"https:\/\/garrcorpcomputer.com\/index.php\/wp-json\/wp\/v2\/product\/5855\/revisions"}],"predecessor-version":[{"id":5857,"href":"https:\/\/garrcorpcomputer.com\/index.php\/wp-json\/wp\/v2\/product\/5855\/revisions\/5857"}],"wp:featuredmedia":[{"embeddable":true,"href":"https:\/\/garrcorpcomputer.com\/index.php\/wp-json\/wp\/v2\/media\/5856"}],"wp:attachment":[{"href":"https:\/\/garrcorpcomputer.com\/index.php\/wp-json\/wp\/v2\/media?parent=5855"}],"wp:term":[{"taxonomy":"product_cat","embeddable":true,"href":"https:\/\/garrcorpcomputer.com\/index.php\/wp-json\/wp\/v2\/product_cat?post=5855"},{"taxonomy":"product_tag","embeddable":true,"href":"https:\/\/garrcorpcomputer.com\/index.php\/wp-json\/wp\/v2\/product_tag?post=5855"}],"curies":[{"name":"wp","href":"https:\/\/api.w.org\/{rel}","templated":true}]}}