{"id":5975,"date":"2021-09-15T12:53:20","date_gmt":"2021-09-15T17:53:20","guid":{"rendered":"https:\/\/garrcorpcomputer.com\/?post_type=product&#038;p=5975"},"modified":"2025-11-04T22:20:11","modified_gmt":"2025-11-05T03:20:11","slug":"kit-de-accesorios-inteligentes-ref-mm105nxt10","status":"publish","type":"product","link":"https:\/\/garrcorpcomputer.com\/index.php\/producto\/kit-de-accesorios-inteligentes-ref-mm105nxt10\/","title":{"rendered":"Kit de accesorios inteligentes Ref MM105NXT10"},"content":{"rendered":"<ul>\n<li>Instalaci\u00f3n f\u00e1cil y r\u00e1pida<\/li>\n<li>Detecci\u00f3n de movimiento efectiva de hasta 8 metros<\/li>\n<li>Port\u00e1til<\/li>\n<li>Bluetooth\u00ae LE 4.0 (versi\u00f3n IoT)<\/li>\n<li>Protecci\u00f3n las 24 horas del d\u00eda<\/li>\n<li>Recibe alertas al momento en que se abre una puerta o ventana y\/o se detecta\u00a0movimiento en el interior<\/li>\n<li>Requisitos del sistema: Dispositivo m\u00f3vil con plataforma iOS8 o superior, Android 4.1 o superior<\/li>\n<li>Aplicaci\u00f3n Nexxt Home<\/li>\n<li>Red WiFi existente<\/li>\n<li>Requiere la sirena para operar el modo alarma<\/li>\n<\/ul>\n","protected":false},"excerpt":{"rendered":"<p>Instalaci\u00f3n f\u00e1cil y r\u00e1pida Detecci\u00f3n de movimiento efectiva de hasta 8 metros Port\u00e1til Bluetooth\u00ae LE 4.0 (versi\u00f3n IoT) Protecci\u00f3n las 24 horas del d\u00eda Recibe alertas al momento en que se abre una puerta o ventana y\/o se detecta\u00a0movimiento en el interior Requisitos del sistema: Dispositivo m\u00f3vil con plataforma iOS8 o superior, Android 4.1 o &hellip;<\/p>\n<p class=\"read-more\"> <a class=\"\" href=\"https:\/\/garrcorpcomputer.com\/index.php\/producto\/kit-de-accesorios-inteligentes-ref-mm105nxt10\/\"> <span class=\"screen-reader-text\">Kit de accesorios inteligentes Ref MM105NXT10<\/span> Leer m\u00e1s &raquo;<\/a><\/p>\n","protected":false},"featured_media":5976,"comment_status":"open","ping_status":"closed","template":"","meta":{"om_disable_all_campaigns":false,"_mi_skip_tracking":false,"spay_email":"","jetpack_publicize_message":"","jetpack_is_tweetstorm":false},"product_cat":[347],"product_tag":[],"jetpack_publicize_connections":[],"jetpack-related-posts":[{"id":5998,"url":"https:\/\/garrcorpcomputer.com\/index.php\/producto\/kit-inteligente-de-seguridad-wifi-ref-mm105nxt09\/","url_meta":{"origin":5975,"position":0},"title":"Kit inteligente de seguridad Wifi Ref MM105NXT09","date":"15 de septiembre de 2021","format":false,"excerpt":"Sirena con luz nocturna y capacidad para funcionar con m\u00e1s de 106 sensores Se enchufa directamente al toma corriente de la pared Los sensores de movimiento y de contacto permiten monitorear discretamente la actividad en el interior de tu casa u oficina Protecci\u00f3n las 24 horas del d\u00eda - recibe\u2026","rel":"","context":"Con 1 comentario","img":{"alt_text":"","src":"https:\/\/i2.wp.com\/garrcorpcomputer.com\/wp-content\/uploads\/2021\/09\/domotica-1-1.jpg?fit=415%2C236&ssl=1&resize=350%2C200","width":350,"height":200},"classes":[]},{"id":5612,"url":"https:\/\/garrcorpcomputer.com\/index.php\/producto\/silla-gamer-zk-528\/","url_meta":{"origin":5975,"position":1},"title":"Silla Gamer ZK-528","date":"8 de septiembre de 2021","format":false,"excerpt":"135\u00b0 reclinable Ajuste de altura del asiento Movimiento 360\u00b0 Reposabrazos Coj\u00edn lumbar ergon\u00f3mico Descansa pies Material: cuerina de alta densidad - material base arco de metal resistente Mecanismo funcional: ajuste de altura e hidr\u00e1ulico alta calidad, ruedas de alta resistencia","rel":"","context":"Entrada similar","img":{"alt_text":"","src":"https:\/\/i2.wp.com\/garrcorpcomputer.com\/wp-content\/uploads\/2021\/09\/silla-gamer-5.png?fit=261%2C422&ssl=1&resize=350%2C200","width":350,"height":200},"classes":[]},{"id":4089,"url":"https:\/\/garrcorpcomputer.com\/index.php\/producto\/combo-teclado-y-mouse-ref-01\/","url_meta":{"origin":5975,"position":2},"title":"Combo Genius USB KM-160","date":"27 de agosto de 2021","format":false,"excerpt":"Mouse movimiento r\u00e1pido y sensible Teclado silencioso y suave Compatible con Windows y Mac OS Interfaz USB","rel":"","context":"Entrada similar","img":{"alt_text":"","src":"https:\/\/i2.wp.com\/garrcorpcomputer.com\/wp-content\/uploads\/2021\/08\/combo-teclado-mouse-1.png?fit=963%2C377&ssl=1&resize=350%2C200","width":350,"height":200},"classes":[]},{"id":5615,"url":"https:\/\/garrcorpcomputer.com\/index.php\/producto\/silla-gamer-zk-159\/","url_meta":{"origin":5975,"position":3},"title":"Silla Gamer ZK-159","date":"8 de septiembre de 2021","format":false,"excerpt":"180\u00b0 reclinable Ajuste de altura del asiento Movimiento 360\u00b0 Reposabrazos ajustables Coj\u00edn cervical y lumbar ergon\u00f3mico Material: cuerina de alta densidad Material base arco de metal resistente Mecanismo funcional: ajuste de altura e hidr\u00e1ulico alta calidad Ruedas de alta resistencia Apoya cabeza y espalda configuraci\u00f3n 2D","rel":"","context":"Entrada similar","img":{"alt_text":"","src":"https:\/\/i0.wp.com\/garrcorpcomputer.com\/wp-content\/uploads\/2021\/09\/silla-gamer-6.png?fit=409%2C334&ssl=1&resize=350%2C200","width":350,"height":200},"classes":[]},{"id":5622,"url":"https:\/\/garrcorpcomputer.com\/index.php\/producto\/silla-gamer-zk-1711\/","url_meta":{"origin":5975,"position":4},"title":"Silla Gamer ZK-1711","date":"8 de septiembre de 2021","format":false,"excerpt":"180\u00b0 reclinable Ajuste de altura del asiento Movimiento 360\u00b0 Reposabrazos ajustables Coj\u00edn cervical y lumbar ergon\u00f3mico Descansa pies Material: cuerina de alta densidad Material base arco de metal resistente Apoya abrazo ajustable se configura seg\u00fan altura requerida Mecanismo funcional: ajuste de altura e hidr\u00e1ulico de alta calidad ruedas de alta\u2026","rel":"","context":"Entrada similar","img":{"alt_text":"","src":"https:\/\/i2.wp.com\/garrcorpcomputer.com\/wp-content\/uploads\/2021\/09\/silla-gamer-7.png?fit=340%2C426&ssl=1&resize=350%2C200","width":350,"height":200},"classes":[]},{"id":5609,"url":"https:\/\/garrcorpcomputer.com\/index.php\/producto\/silla-gamer-zk-1524\/","url_meta":{"origin":5975,"position":5},"title":"Silla Gamer ZK-1524","date":"8 de septiembre de 2021","format":false,"excerpt":"150\u00b0 reclinable: inclinaci\u00f3n hacia atr\u00e1s Ajuste de altura del asiento : apto para realizar multitareas Movimiento 360\u00b0 Reposabrazos ajustables Coj\u00edn cervical y lumbar ergon\u00f3mico Respaldar y asiento acolchado tapizado en cuero sint\u00e9tico Estructura interna con marco de acero moldeado Relleno de espuma inyectada 60kg\/m3 Almohadilla lumbar y cervical graduable en\u2026","rel":"","context":"Entrada similar","img":{"alt_text":"","src":"https:\/\/i2.wp.com\/garrcorpcomputer.com\/wp-content\/uploads\/2021\/09\/silla-gamer-4.png?fit=202%2C351&ssl=1&resize=350%2C200","width":350,"height":200},"classes":[]}],"jetpack_sharing_enabled":true,"_links":{"self":[{"href":"https:\/\/garrcorpcomputer.com\/index.php\/wp-json\/wp\/v2\/product\/5975"}],"collection":[{"href":"https:\/\/garrcorpcomputer.com\/index.php\/wp-json\/wp\/v2\/product"}],"about":[{"href":"https:\/\/garrcorpcomputer.com\/index.php\/wp-json\/wp\/v2\/types\/product"}],"replies":[{"embeddable":true,"href":"https:\/\/garrcorpcomputer.com\/index.php\/wp-json\/wp\/v2\/comments?post=5975"}],"version-history":[{"count":1,"href":"https:\/\/garrcorpcomputer.com\/index.php\/wp-json\/wp\/v2\/product\/5975\/revisions"}],"predecessor-version":[{"id":5977,"href":"https:\/\/garrcorpcomputer.com\/index.php\/wp-json\/wp\/v2\/product\/5975\/revisions\/5977"}],"wp:featuredmedia":[{"embeddable":true,"href":"https:\/\/garrcorpcomputer.com\/index.php\/wp-json\/wp\/v2\/media\/5976"}],"wp:attachment":[{"href":"https:\/\/garrcorpcomputer.com\/index.php\/wp-json\/wp\/v2\/media?parent=5975"}],"wp:term":[{"taxonomy":"product_cat","embeddable":true,"href":"https:\/\/garrcorpcomputer.com\/index.php\/wp-json\/wp\/v2\/product_cat?post=5975"},{"taxonomy":"product_tag","embeddable":true,"href":"https:\/\/garrcorpcomputer.com\/index.php\/wp-json\/wp\/v2\/product_tag?post=5975"}],"curies":[{"name":"wp","href":"https:\/\/api.w.org\/{rel}","templated":true}]}}