{"id":5979,"date":"2021-09-15T13:10:59","date_gmt":"2021-09-15T18:10:59","guid":{"rendered":"https:\/\/garrcorpcomputer.com\/?post_type=product&#038;p=5979"},"modified":"2025-11-05T00:09:44","modified_gmt":"2025-11-05T05:09:44","slug":"vektor-3600-ac-ref-nw230nxt98","status":"publish","type":"product","link":"https:\/\/garrcorpcomputer.com\/index.php\/producto\/vektor-3600-ac-ref-nw230nxt98\/","title":{"rendered":"Vektor 3600- AC Ref NW230NXT98"},"content":{"rendered":"<ul>\n<li>Red de comunicaci\u00f3n para toda la casa que respalda hasta 30 dispositivos<br \/>\nconectados simult\u00e1neamente<\/li>\n<li>Tecnolog\u00eda True Mesh, un enfoque m\u00e1s eficiente en redes inal\u00e1mbricas<\/li>\n<li>Velocidades combinadas AC3600.1200Mbps por nodo (300Mbps a 2.4GHz \/ 867Mbps a 5.0GHz)<\/li>\n<li>F\u00e1cil configuraci\u00f3n a trav\u00e9s de tu aplicaci\u00f3n m\u00f3vil NEXXT Wireless<\/li>\n<li>NEXXT Cloud para estatus en tiempo real y gesti\u00f3n remota<\/li>\n<li>Elimina puntos muertos y se\u00f1ales d\u00e9biles<\/li>\n<li>Gestiona una contrase\u00f1a y un nombre de red \u00fanicos para todos los nodos<\/li>\n<li>Elige de forma inteligente la ruta m\u00e1s corta y r\u00e1pida<\/li>\n<li>Acceso para invitados en redes segmentadas<\/li>\n<li>Configuraci\u00f3n del acceso restringido para menores<\/li>\n<li>El control del ancho de banda prioriza el tr\u00e1fico para aplicaciones el uso intensivo del ancho de banda<\/li>\n<li>Actualice su conexi\u00f3n inal\u00e1mbrica a la \u00faltima generaci\u00f3n de sistemas WiFi de malla modulares.<\/li>\n<li>Garant\u00eda de 5 a\u00f1os<\/li>\n<\/ul>\n","protected":false},"excerpt":{"rendered":"<p>Red de comunicaci\u00f3n para toda la casa que respalda hasta 30 dispositivos conectados simult\u00e1neamente Tecnolog\u00eda True Mesh, un enfoque m\u00e1s eficiente en redes inal\u00e1mbricas Velocidades combinadas AC3600.1200Mbps por nodo (300Mbps a 2.4GHz \/ 867Mbps a 5.0GHz) F\u00e1cil configuraci\u00f3n a trav\u00e9s de tu aplicaci\u00f3n m\u00f3vil NEXXT Wireless NEXXT Cloud para estatus en tiempo real y gesti\u00f3n &hellip;<\/p>\n<p class=\"read-more\"> <a class=\"\" href=\"https:\/\/garrcorpcomputer.com\/index.php\/producto\/vektor-3600-ac-ref-nw230nxt98\/\"> <span class=\"screen-reader-text\">Vektor 3600- AC Ref NW230NXT98<\/span> Leer m\u00e1s &raquo;<\/a><\/p>\n","protected":false},"featured_media":5980,"comment_status":"open","ping_status":"closed","template":"","meta":{"om_disable_all_campaigns":false,"_mi_skip_tracking":false,"spay_email":"","jetpack_publicize_message":"","jetpack_is_tweetstorm":false},"product_cat":[348],"product_tag":[],"jetpack_publicize_connections":[],"jetpack-related-posts":[{"id":5975,"url":"https:\/\/garrcorpcomputer.com\/index.php\/producto\/kit-de-accesorios-inteligentes-ref-mm105nxt10\/","url_meta":{"origin":5979,"position":0},"title":"Kit de accesorios inteligentes Ref MM105NXT10","date":"15 de septiembre de 2021","format":false,"excerpt":"Instalaci\u00f3n f\u00e1cil y r\u00e1pida Detecci\u00f3n de movimiento efectiva de hasta 8 metros Port\u00e1til Bluetooth\u00ae LE 4.0 (versi\u00f3n IoT) Protecci\u00f3n las 24 horas del d\u00eda Recibe alertas al momento en que se abre una puerta o ventana y\/o se detecta\u00a0movimiento en el interior Requisitos del sistema: Dispositivo m\u00f3vil con plataforma iOS8\u2026","rel":"","context":"Con 45 comentarios","img":{"alt_text":"","src":"https:\/\/i1.wp.com\/garrcorpcomputer.com\/wp-content\/uploads\/2021\/09\/domotica.png?fit=409%2C236&ssl=1&resize=350%2C200","width":350,"height":200},"classes":[]},{"id":5998,"url":"https:\/\/garrcorpcomputer.com\/index.php\/producto\/kit-inteligente-de-seguridad-wifi-ref-mm105nxt09\/","url_meta":{"origin":5979,"position":1},"title":"Kit inteligente de seguridad Wifi Ref MM105NXT09","date":"15 de septiembre de 2021","format":false,"excerpt":"Sirena con luz nocturna y capacidad para funcionar con m\u00e1s de 106 sensores Se enchufa directamente al toma corriente de la pared Los sensores de movimiento y de contacto permiten monitorear discretamente la actividad en el interior de tu casa u oficina Protecci\u00f3n las 24 horas del d\u00eda - recibe\u2026","rel":"","context":"Con 1 comentario","img":{"alt_text":"","src":"https:\/\/i2.wp.com\/garrcorpcomputer.com\/wp-content\/uploads\/2021\/09\/domotica-1-1.jpg?fit=415%2C236&ssl=1&resize=350%2C200","width":350,"height":200},"classes":[]},{"id":5764,"url":"https:\/\/garrcorpcomputer.com\/index.php\/producto\/bombilla-inteligente-wifi-multicolor-2-pk\/","url_meta":{"origin":5979,"position":2},"title":"Bombilla inteligente wifi multicolor 2 PK","date":"11 de septiembre de 2021","format":false,"excerpt":"2 bombillos inteligentes multicolor con control por voz y APP Emparejamiento f\u00e1cil Aplicaci\u00f3n Nexxt Solutions Home compatible con iOS y Android \u00b7 Programaci\u00f3n de horarios para activar y desactivar la luz, en cualquier momento y desde cualquier lugar Escenas seleccionables conforme a las preferencias de cada usuario Elecci\u00f3n del color\u2026","rel":"","context":"Con 2 comentarios","img":{"alt_text":"","src":"https:\/\/i0.wp.com\/garrcorpcomputer.com\/wp-content\/uploads\/2021\/09\/iluminacion-1.png?fit=308%2C251&ssl=1&resize=350%2C200","width":350,"height":200},"classes":[]},{"id":5768,"url":"https:\/\/garrcorpcomputer.com\/index.php\/producto\/bombillo-inteligente-wifi-multicolor-4pk\/","url_meta":{"origin":5979,"position":3},"title":"Bombillo inteligente wifi multicolor 4PK","date":"11 de septiembre de 2021","format":false,"excerpt":"4 bombillos inteligentes multicolor con control por voz y APP Emparejamiento f\u00e1cil Aplicaci\u00f3n Nexxt Solutions Home compatible con iOS y Android Programaci\u00f3n de horarios para activar y desactivar la luz, en cualquier momento y desde cualquier lugar Escenas seleccionables conforme a las preferencias de cada usuario Elecci\u00f3n del color basado\u2026","rel":"","context":"Con 1 comentario","img":{"alt_text":"","src":"https:\/\/i2.wp.com\/garrcorpcomputer.com\/wp-content\/uploads\/2021\/09\/iluminacion-2.png?fit=293%2C263&ssl=1&resize=350%2C200","width":350,"height":200},"classes":[]},{"id":4125,"url":"https:\/\/garrcorpcomputer.com\/index.php\/producto\/impresora-ricoh-im-430f\/","url_meta":{"origin":5979,"position":4},"title":"Impresora Ricoh IM 430F","date":"27 de agosto de 2021","format":false,"excerpt":"Motor \/ Especificaciones generales Configuracion Escritorio Panel de control Panel de operaci\u00f3n inteligente de 10.1 \" Color \/ negro y blanco Blanco negro Velocidad de salida Copiar \/ Imprimir 45 ppm (formato carta) Tiempo de salida de la primera p\u00e1gina Menos de 5 segundos Tiempo de calentamiento 24 segundos Resoluci\u00f3n\u2026","rel":"","context":"Entrada similar","img":{"alt_text":"","src":"https:\/\/i2.wp.com\/garrcorpcomputer.com\/wp-content\/uploads\/2021\/08\/eqp-im-430F-10.png?fit=504%2C528&ssl=1&resize=350%2C200","width":350,"height":200},"classes":[]},{"id":4368,"url":"https:\/\/garrcorpcomputer.com\/index.php\/producto\/combo-teclado-y-mouse-inalambrico-ws880\/","url_meta":{"origin":5979,"position":5},"title":"COMBO TECLADO Y MOUSE INAL\u00c1MBRICO WS880","date":"30 de agosto de 2021","format":false,"excerpt":"Teclado en espa\u00f1ol Conexi\u00f3n inal\u00e1mbrico 2.4 Ghz 108 teclas alfa num\u00e9ricas 10 teclas multimedia 1 bater\u00eda AA Mouse de 1000 DPI Conexi\u00f3n inal\u00e1mbrica 2.4 Ghz 3 botones + scroll 1 bot\u00f3n de encendido 2 bater\u00edas AAA","rel":"","context":"Entrada similar","img":{"alt_text":"","src":"https:\/\/i2.wp.com\/garrcorpcomputer.com\/wp-content\/uploads\/2021\/08\/combo-teclado-y-mouse-1.png?fit=772%2C220&ssl=1&resize=350%2C200","width":350,"height":200},"classes":[]}],"jetpack_sharing_enabled":true,"_links":{"self":[{"href":"https:\/\/garrcorpcomputer.com\/index.php\/wp-json\/wp\/v2\/product\/5979"}],"collection":[{"href":"https:\/\/garrcorpcomputer.com\/index.php\/wp-json\/wp\/v2\/product"}],"about":[{"href":"https:\/\/garrcorpcomputer.com\/index.php\/wp-json\/wp\/v2\/types\/product"}],"replies":[{"embeddable":true,"href":"https:\/\/garrcorpcomputer.com\/index.php\/wp-json\/wp\/v2\/comments?post=5979"}],"version-history":[{"count":1,"href":"https:\/\/garrcorpcomputer.com\/index.php\/wp-json\/wp\/v2\/product\/5979\/revisions"}],"predecessor-version":[{"id":5981,"href":"https:\/\/garrcorpcomputer.com\/index.php\/wp-json\/wp\/v2\/product\/5979\/revisions\/5981"}],"wp:featuredmedia":[{"embeddable":true,"href":"https:\/\/garrcorpcomputer.com\/index.php\/wp-json\/wp\/v2\/media\/5980"}],"wp:attachment":[{"href":"https:\/\/garrcorpcomputer.com\/index.php\/wp-json\/wp\/v2\/media?parent=5979"}],"wp:term":[{"taxonomy":"product_cat","embeddable":true,"href":"https:\/\/garrcorpcomputer.com\/index.php\/wp-json\/wp\/v2\/product_cat?post=5979"},{"taxonomy":"product_tag","embeddable":true,"href":"https:\/\/garrcorpcomputer.com\/index.php\/wp-json\/wp\/v2\/product_tag?post=5979"}],"curies":[{"name":"wp","href":"https:\/\/api.w.org\/{rel}","templated":true}]}}