{"id":6004,"date":"2021-09-15T14:19:47","date_gmt":"2021-09-15T19:19:47","guid":{"rendered":"https:\/\/garrcorpcomputer.com\/?post_type=product&#038;p=6004"},"modified":"2021-10-01T00:00:59","modified_gmt":"2021-10-01T05:00:59","slug":"speaker-bt-gamer-bar-rgb-ref-bts-169","status":"publish","type":"product","link":"https:\/\/garrcorpcomputer.com\/index.php\/producto\/speaker-bt-gamer-bar-rgb-ref-bts-169\/","title":{"rendered":"Speaker BT Gamer bar RGB Ref BTS-169"},"content":{"rendered":"<ul>\n<li>Bluetooth 5.0<\/li>\n<li>Puerto 3.5mm<\/li>\n<li>Luces LED RGB<\/li>\n<li>RMS 6W<\/li>\n<li>2 bocina 2\u201d<\/li>\n<li>44 cms<\/li>\n<li>Control volumen frontal<\/li>\n<li>Ideal para espacios gamer<\/li>\n<\/ul>\n","protected":false},"excerpt":{"rendered":"<p>Bluetooth 5.0 Puerto 3.5mm Luces LED RGB RMS 6W 2 bocina 2\u201d 44 cms Control volumen frontal Ideal para espacios gamer<\/p>\n","protected":false},"featured_media":6005,"comment_status":"open","ping_status":"closed","template":"","meta":{"om_disable_all_campaigns":false,"_mi_skip_tracking":false,"spay_email":"","jetpack_publicize_message":"","jetpack_is_tweetstorm":false},"product_cat":[328,349],"product_tag":[],"jetpack_publicize_connections":[],"jetpack-related-posts":[{"id":4213,"url":"https:\/\/garrcorpcomputer.com\/index.php\/producto\/diadema-gamer-tech-rgb-ref-11010\/","url_meta":{"origin":6004,"position":0},"title":"Diadema Gamer Tech Clan RGB Ref 11010","date":"28 de agosto de 2021","format":false,"excerpt":"Iluminaci\u00f3n LED RGB Diadema para PS4, XBOX ONE y PC SUPER BASS Sonido envolvente Ajustable y ergon\u00f3mica Dise\u00f1o GAMER de lujo Material de alta calidad ABS Conexi\u00f3n 3,5 mm para audio USB para luces LED RGB Micr\u00f3fono ajustable de alta definici\u00f3n Control de volumen y silenciar micr\u00f3fono Di\u00e1metro del auricular:\u2026","rel":"","context":"Entrada similar","img":{"alt_text":"","src":"https:\/\/i1.wp.com\/garrcorpcomputer.com\/wp-content\/uploads\/2021\/08\/diadema-12.png?fit=459%2C373&ssl=1&resize=350%2C200","width":350,"height":200},"classes":[]},{"id":4197,"url":"https:\/\/garrcorpcomputer.com\/index.php\/producto\/diadema-gamer-metalica-rgb-havit-hv-h2018u\/","url_meta":{"origin":6004,"position":1},"title":"Diadema Gamer Metalica RGB HAVIT HV-H2018U","date":"28 de agosto de 2021","format":false,"excerpt":"Cable acordonado de 2.2mt Enchufe USB 7.1 Micr\u00f3fono Control de volumen en cable","rel":"","context":"Entrada similar","img":{"alt_text":"","src":"https:\/\/i2.wp.com\/garrcorpcomputer.com\/wp-content\/uploads\/2021\/08\/diadema-6.png?fit=282%2C332&ssl=1&resize=350%2C200","width":350,"height":200},"classes":[]},{"id":4183,"url":"https:\/\/garrcorpcomputer.com\/index.php\/producto\/teclado-gamer-retroiluminado-rgb-led-one-hand-jyr-technology\/","url_meta":{"origin":6004,"position":2},"title":"Teclado Gamer Retroiluminado RGB Led one Hand JyR Technology","date":"28 de agosto de 2021","format":false,"excerpt":"5 teclas multimedia Cable de 1.4 mt 35 teclas Soporte para mu\u00f1eca Teclado retroiluminado Compatible con smartphone","rel":"","context":"Entrada similar","img":{"alt_text":"","src":"https:\/\/i2.wp.com\/garrcorpcomputer.com\/wp-content\/uploads\/2021\/08\/teclado-10.png?fit=374%2C503&ssl=1&resize=350%2C200","width":350,"height":200},"classes":[]},{"id":4273,"url":"https:\/\/garrcorpcomputer.com\/index.php\/producto\/diadema-gamer-y-ries-ligth-x7-mst-1126g-2\/","url_meta":{"origin":6004,"position":3},"title":"Diadema Gamer Y-ries Ligth X7 MST-1126G-2","date":"29 de agosto de 2021","format":false,"excerpt":"Micr\u00f3fono integrado Sonido est\u00e9reo Conexi\u00f3n USB para los colores RGB 1.8 mt de cable 2 conectores de 3.5 mm","rel":"","context":"Entrada similar","img":{"alt_text":"","src":"https:\/\/i0.wp.com\/garrcorpcomputer.com\/wp-content\/uploads\/2021\/08\/diadema-17.png?fit=235%2C351&ssl=1&resize=350%2C200","width":350,"height":200},"classes":[]},{"id":5638,"url":"https:\/\/garrcorpcomputer.com\/index.php\/producto\/masterbox-mb520-rgb-mwe-white-full-range-650w\/","url_meta":{"origin":6004,"position":4},"title":"MasterBox MB520 RGB + MWE White Full Range 650W","date":"9 de septiembre de 2021","format":false,"excerpt":"Panel frontal DarkMirror Ventiladores LED RGB y control de iluminaci\u00f3n Ingestas de rendimiento Panel lateral de vidrio templado Soporte para un total de 6 ventiladores y refrigeraci\u00f3n por agua Soporte de tarjeta gr\u00e1fica de hasta 410 mm Bandejas de almacenamiento y cubierta de PSU completa","rel":"","context":"Entrada similar","img":{"alt_text":"","src":"","width":0,"height":0},"classes":[]},{"id":4215,"url":"https:\/\/garrcorpcomputer.com\/index.php\/producto\/diadema-gamer-havit-hv-h2232d-ref-0108230\/","url_meta":{"origin":6004,"position":5},"title":"Diadema Gamer Havit HV-H2232D Ref 0108230","date":"28 de agosto de 2021","format":false,"excerpt":"2 Jack 35mm + USB Iluminacion RGB Aislamiento de sonido Micr\u00f3fono escualizable Control de volumen en auricular","rel":"","context":"Entrada similar","img":{"alt_text":"","src":"https:\/\/i2.wp.com\/garrcorpcomputer.com\/wp-content\/uploads\/2021\/08\/diadema-13.png?fit=312%2C431&ssl=1&resize=350%2C200","width":350,"height":200},"classes":[]}],"jetpack_sharing_enabled":true,"_links":{"self":[{"href":"https:\/\/garrcorpcomputer.com\/index.php\/wp-json\/wp\/v2\/product\/6004"}],"collection":[{"href":"https:\/\/garrcorpcomputer.com\/index.php\/wp-json\/wp\/v2\/product"}],"about":[{"href":"https:\/\/garrcorpcomputer.com\/index.php\/wp-json\/wp\/v2\/types\/product"}],"replies":[{"embeddable":true,"href":"https:\/\/garrcorpcomputer.com\/index.php\/wp-json\/wp\/v2\/comments?post=6004"}],"version-history":[{"count":1,"href":"https:\/\/garrcorpcomputer.com\/index.php\/wp-json\/wp\/v2\/product\/6004\/revisions"}],"predecessor-version":[{"id":6006,"href":"https:\/\/garrcorpcomputer.com\/index.php\/wp-json\/wp\/v2\/product\/6004\/revisions\/6006"}],"wp:featuredmedia":[{"embeddable":true,"href":"https:\/\/garrcorpcomputer.com\/index.php\/wp-json\/wp\/v2\/media\/6005"}],"wp:attachment":[{"href":"https:\/\/garrcorpcomputer.com\/index.php\/wp-json\/wp\/v2\/media?parent=6004"}],"wp:term":[{"taxonomy":"product_cat","embeddable":true,"href":"https:\/\/garrcorpcomputer.com\/index.php\/wp-json\/wp\/v2\/product_cat?post=6004"},{"taxonomy":"product_tag","embeddable":true,"href":"https:\/\/garrcorpcomputer.com\/index.php\/wp-json\/wp\/v2\/product_tag?post=6004"}],"curies":[{"name":"wp","href":"https:\/\/api.w.org\/{rel}","templated":true}]}}