{"id":6081,"date":"2021-09-17T13:27:36","date_gmt":"2021-09-17T18:27:36","guid":{"rendered":"https:\/\/garrcorpcomputer.com\/?post_type=product&#038;p=6081"},"modified":"2025-11-04T20:24:48","modified_gmt":"2025-11-05T01:24:48","slug":"computador-de-escritorio-a3080sl","status":"publish","type":"product","link":"https:\/\/garrcorpcomputer.com\/index.php\/producto\/computador-de-escritorio-a3080sl\/","title":{"rendered":"Computador de escritorio A3080SL"},"content":{"rendered":"<ul>\n<li>Caja ATX: CL-L38<\/li>\n<li>Procesador: AMD Athlon 3000G 3.5GHz Radeon Vega 3<\/li>\n<li>Board: Asus prime A320M-K<\/li>\n<li>Memoria: Adata XPG spectrix D41 8GB DDR4 RGB 3200MHZ<\/li>\n<li>Disco duro: estado solido HP S600 240GB Sata III<\/li>\n<li>Combo: teclado y mouse<\/li>\n<li>Monitor: Acer V206HQL BBI 19.5&#8243; HDMI<\/li>\n<\/ul>\n","protected":false},"excerpt":{"rendered":"<p>Procesador: AMD Athlon 3000G<\/p>\n","protected":false},"featured_media":6082,"comment_status":"open","ping_status":"closed","template":"","meta":{"om_disable_all_campaigns":false,"_mi_skip_tracking":false,"spay_email":"","jetpack_publicize_message":"","jetpack_is_tweetstorm":false},"product_cat":[352,75],"product_tag":[],"jetpack_publicize_connections":[],"jetpack-related-posts":[{"id":6085,"url":"https:\/\/garrcorpcomputer.com\/index.php\/producto\/computador-de-escritorio-a3080sl-2\/","url_meta":{"origin":6081,"position":0},"title":"Computador de escritorio A3080SL","date":"17 de septiembre de 2021","format":false,"excerpt":"Procesador: AMD Athlon 320G E","rel":"","context":"Con 1 comentario","img":{"alt_text":"","src":"https:\/\/i0.wp.com\/garrcorpcomputer.com\/wp-content\/uploads\/2021\/09\/computador-escritorio-1.png?fit=231%2C222&ssl=1&resize=350%2C200","width":350,"height":200},"classes":[]},{"id":5431,"url":"https:\/\/garrcorpcomputer.com\/index.php\/producto\/portatil-hp-14-dk1018la\/","url_meta":{"origin":6081,"position":1},"title":"Port\u00e1til HP 14-DK1018LA","date":"7 de septiembre de 2021","format":false,"excerpt":"Consultar disponibilidad","rel":"","context":"Entrada similar","img":{"alt_text":"","src":"https:\/\/i1.wp.com\/garrcorpcomputer.com\/wp-content\/uploads\/2021\/09\/portatil-12-1.png?fit=293%2C211&ssl=1&resize=350%2C200","width":350,"height":200},"classes":[]},{"id":4453,"url":"https:\/\/garrcorpcomputer.com\/index.php\/producto\/portatil-lenovo-v145-14ast-amd-a6-9225-4gb-500gb-win-10h-81ms000xlm\/","url_meta":{"origin":6081,"position":2},"title":"Port\u00e1til Lenovo V145-14ast Amd A6-9225 4GB 500GB Win 10H &#8211; 81MS000XLM","date":"31 de agosto de 2021","format":false,"excerpt":"Procesador: AMD A6-9225 2.6 GHz Memoria Ram: 4GB DDR4 Disco Duro: Disco duro de 500 Gb 5400 rpm Sistema Operativo de f\u00e1brica: Windows 10 Home Pantalla: 14 \"HD (1366 x 768) Teclado en espa\u00f1ol sin Teclado num\u00e9rico Audio: altavoces st\u00e9reo; Micr\u00f3fono Integrado Unidad de cd: No C\u00e1mara Web: Integrada Conectividad:\u2026","rel":"","context":"Entrada similar","img":{"alt_text":"","src":"https:\/\/i1.wp.com\/garrcorpcomputer.com\/wp-content\/uploads\/2021\/08\/portatil-4.png?fit=303%2C279&ssl=1&resize=350%2C200","width":350,"height":200},"classes":[]},{"id":5442,"url":"https:\/\/garrcorpcomputer.com\/index.php\/producto\/portatil-hp-245-g7-r3\/","url_meta":{"origin":6081,"position":3},"title":"Port\u00e1til HP 245 G7-R3","date":"7 de septiembre de 2021","format":false,"excerpt":"Consultar disponibilidad","rel":"","context":"Entrada similar","img":{"alt_text":"","src":"https:\/\/i2.wp.com\/garrcorpcomputer.com\/wp-content\/uploads\/2021\/09\/portatil-14.png?fit=292%2C214&ssl=1&resize=350%2C200","width":350,"height":200},"classes":[]},{"id":6078,"url":"https:\/\/garrcorpcomputer.com\/index.php\/producto\/caja-atx-cl-g93-r3640s\/","url_meta":{"origin":6081,"position":4},"title":"Caja ATX: CL-G93 R3640S Ryzen 5","date":"17 de septiembre de 2021","format":false,"excerpt":"Procesador 3.6GHz","rel":"","context":"Con 3 comentarios","img":{"alt_text":"","src":"","width":0,"height":0},"classes":[]},{"id":6075,"url":"https:\/\/garrcorpcomputer.com\/index.php\/producto\/caja-atx-cl-g93-r5640g-gs\/","url_meta":{"origin":6081,"position":5},"title":"Caja ATX: CL-G93 R5640G GS Ryzen 5","date":"17 de septiembre de 2021","format":false,"excerpt":"Procesador 3.9Ghz","rel":"","context":"Con 2 comentarios","img":{"alt_text":"","src":"","width":0,"height":0},"classes":[]}],"jetpack_sharing_enabled":true,"_links":{"self":[{"href":"https:\/\/garrcorpcomputer.com\/index.php\/wp-json\/wp\/v2\/product\/6081"}],"collection":[{"href":"https:\/\/garrcorpcomputer.com\/index.php\/wp-json\/wp\/v2\/product"}],"about":[{"href":"https:\/\/garrcorpcomputer.com\/index.php\/wp-json\/wp\/v2\/types\/product"}],"replies":[{"embeddable":true,"href":"https:\/\/garrcorpcomputer.com\/index.php\/wp-json\/wp\/v2\/comments?post=6081"}],"version-history":[{"count":2,"href":"https:\/\/garrcorpcomputer.com\/index.php\/wp-json\/wp\/v2\/product\/6081\/revisions"}],"predecessor-version":[{"id":6084,"href":"https:\/\/garrcorpcomputer.com\/index.php\/wp-json\/wp\/v2\/product\/6081\/revisions\/6084"}],"wp:featuredmedia":[{"embeddable":true,"href":"https:\/\/garrcorpcomputer.com\/index.php\/wp-json\/wp\/v2\/media\/6082"}],"wp:attachment":[{"href":"https:\/\/garrcorpcomputer.com\/index.php\/wp-json\/wp\/v2\/media?parent=6081"}],"wp:term":[{"taxonomy":"product_cat","embeddable":true,"href":"https:\/\/garrcorpcomputer.com\/index.php\/wp-json\/wp\/v2\/product_cat?post=6081"},{"taxonomy":"product_tag","embeddable":true,"href":"https:\/\/garrcorpcomputer.com\/index.php\/wp-json\/wp\/v2\/product_tag?post=6081"}],"curies":[{"name":"wp","href":"https:\/\/api.w.org\/{rel}","templated":true}]}}